Last updated on 2024-08-07 00:49:23 CEST.
Flavor | Version | Tinstall | Tcheck | Ttotal | Status | Flags |
---|---|---|---|---|---|---|
r-devel-linux-x86_64-debian-clang | 0.2-10 | 3.47 | 23.29 | 26.76 | NOTE | |
r-devel-linux-x86_64-debian-gcc | 0.2-10 | 2.53 | 18.84 | 21.37 | NOTE | |
r-devel-linux-x86_64-fedora-clang | 0.2-10 | 38.91 | NOTE | |||
r-devel-linux-x86_64-fedora-gcc | 0.2-10 | 34.92 | NOTE | |||
r-patched-linux-x86_64 | 0.2-10 | 3.29 | 22.79 | 26.08 | NOTE | |
r-release-linux-x86_64 | 0.2-10 | 3.02 | 22.76 | 25.78 | NOTE | |
r-release-macos-arm64 | 0.2-10 | 16.00 | NOTE | |||
r-release-macos-x86_64 | 0.2-10 | 21.00 | NOTE | |||
r-release-windows-x86_64 | 0.2-10 | 18.00 | 42.00 | 60.00 | NOTE | |
r-oldrel-macos-arm64 | 0.2-10 | 21.00 | NOTE | |||
r-oldrel-macos-x86_64 | 0.2-10 | 34.00 | NOTE | |||
r-oldrel-windows-x86_64 | 0.2-10 | 19.00 | 31.00 | 50.00 | NOTE |
Version: 0.2-10
Check: DESCRIPTION meta-information
Result: NOTE
License stub is invalid DCF.
Flavors: r-devel-linux-x86_64-debian-clang, r-devel-linux-x86_64-debian-gcc, r-patched-linux-x86_64, r-release-linux-x86_64, r-release-macos-arm64, r-release-macos-x86_64
Version: 0.2-10
Check: for GNU extensions in Makefiles
Result: NOTE
GNU make is a SystemRequirements.
Flavors: r-devel-linux-x86_64-debian-clang, r-devel-linux-x86_64-debian-gcc, r-devel-linux-x86_64-fedora-clang, r-devel-linux-x86_64-fedora-gcc, r-patched-linux-x86_64, r-release-linux-x86_64, r-release-macos-arm64, r-release-macos-x86_64, r-release-windows-x86_64, r-oldrel-macos-arm64, r-oldrel-macos-x86_64, r-oldrel-windows-x86_64
Version: 0.2-10
Check: DESCRIPTION meta-information
Result: NOTE
Licence stub is invalid DCF.
Flavors: r-devel-linux-x86_64-fedora-clang, r-devel-linux-x86_64-fedora-gcc