Last updated on 2024-08-07 00:49:23 CEST.
Flavor | Version | Tinstall | Tcheck | Ttotal | Status | Flags |
---|---|---|---|---|---|---|
r-devel-linux-x86_64-debian-clang | 2.21.11 | 1171.42 | 301.03 | 1472.45 | NOTE | |
r-devel-linux-x86_64-debian-gcc | 2.21.11 | 908.94 | 324.68 | 1233.62 | NOTE | |
r-devel-linux-x86_64-fedora-clang | 2.21.11 | 2536.77 | WARN | |||
r-devel-linux-x86_64-fedora-gcc | 2.21.11 | 3192.68 | NOTE | |||
r-devel-windows-x86_64 | 2.21.11 | 1138.00 | 477.00 | 1615.00 | NOTE | |
r-patched-linux-x86_64 | 2.21.11 | 1175.83 | 426.06 | 1601.89 | NOTE | |
r-release-linux-x86_64 | 2.21.11 | 1220.22 | 442.36 | 1662.58 | NOTE | |
r-release-macos-arm64 | 2.21.11 | 563.00 | NOTE | |||
r-release-macos-x86_64 | 2.21.11 | 540.00 | NOTE | |||
r-release-windows-x86_64 | 2.21.11 | 1147.00 | 467.00 | 1614.00 | NOTE | |
r-oldrel-macos-arm64 | 2.21.11 | 492.00 | NOTE | |||
r-oldrel-macos-x86_64 | 2.21.11 | 373.00 | NOTE | |||
r-oldrel-windows-x86_64 | 2.21.11 | 1402.00 | 602.00 | 2004.00 | NOTE |
Version: 2.21.11
Check: for GNU extensions in Makefiles
Result: NOTE
GNU make is a SystemRequirements.
Flavors: r-devel-linux-x86_64-debian-clang, r-devel-linux-x86_64-debian-gcc, r-devel-linux-x86_64-fedora-clang, r-devel-linux-x86_64-fedora-gcc, r-devel-windows-x86_64, r-patched-linux-x86_64, r-release-linux-x86_64, r-release-macos-arm64, r-release-macos-x86_64, r-release-windows-x86_64, r-oldrel-macos-arm64, r-oldrel-macos-x86_64, r-oldrel-windows-x86_64
Version: 2.21.11
Check: whether package can be installed
Result: WARN
Found the following significant warnings:
asa.c:981:2: warning: embedding a directive within macro arguments has undefined behavior [-Wembedded-directive]
asa.c:984:2: warning: embedding a directive within macro arguments has undefined behavior [-Wembedded-directive]
asa.c:986:2: warning: embedding a directive within macro arguments has undefined behavior [-Wembedded-directive]
asa.c:989:2: warning: embedding a directive within macro arguments has undefined behavior [-Wembedded-directive]
asa.c:1020:2: warning: embedding a directive within macro arguments has undefined behavior [-Wembedded-directive]
asa.c:1023:2: warning: embedding a directive within macro arguments has undefined behavior [-Wembedded-directive]
asa.c:1025:2: warning: embedding a directive within macro arguments has undefined behavior [-Wembedded-directive]
asa.c:1028:2: warning: embedding a directive within macro arguments has undefined behavior [-Wembedded-directive]
asa.c:2785:2: warning: embedding a directive within macro arguments has undefined behavior [-Wembedded-directive]
asa.c:2788:2: warning: embedding a directive within macro arguments has undefined behavior [-Wembedded-directive]
asa.c:3767:2: warning: embedding a directive within macro arguments has undefined behavior [-Wembedded-directive]
asa.c:3770:2: warning: embedding a directive within macro arguments has undefined behavior [-Wembedded-directive]
asa.c:3772:2: warning: embedding a directive within macro arguments has undefined behavior [-Wembedded-directive]
asa.c:3775:2: warning: embedding a directive within macro arguments has undefined behavior [-Wembedded-directive]
asa.c:6771:2: warning: embedding a directive within macro arguments has undefined behavior [-Wembedded-directive]
asa.c:6774:2: warning: embedding a directive within macro arguments has undefined behavior [-Wembedded-directive]
asa.c:6776:2: warning: embedding a directive within macro arguments has undefined behavior [-Wembedded-directive]
asa.c:6779:2: warning: embedding a directive within macro arguments has undefined behavior [-Wembedded-directive]
asa.c:6806:2: warning: embedding a directive within macro arguments has undefined behavior [-Wembedded-directive]
asa.c:6809:2: warning: embedding a directive within macro arguments has undefined behavior [-Wembedded-directive]
asa.c:6811:2: warning: embedding a directive within macro arguments has undefined behavior [-Wembedded-directive]
asa.c:6814:2: warning: embedding a directive within macro arguments has undefined behavior [-Wembedded-directive]
asa.c:6819:2: warning: embedding a directive within macro arguments has undefined behavior [-Wembedded-directive]
asa.c:6822:2: warning: embedding a directive within macro arguments has undefined behavior [-Wembedded-directive]
asa.c:6824:2: warning: embedding a directive within macro arguments has undefined behavior [-Wembedded-directive]
asa.c:6827:2: warning: embedding a directive within macro arguments has undefined behavior [-Wembedded-directive]
See ‘/data/gannet/ripley/R/packages/tests-clang/OpenMx.Rcheck/00install.out’ for details.
* used C compiler: ‘clang version 18.1.8’
* used Fortran compiler: ‘flang-new version 18.1.8’
* used C++ compiler: ‘clang version 18.1.8’
Flavor: r-devel-linux-x86_64-fedora-clang
Version: 2.21.11
Check: installed package size
Result: NOTE
installed size is 17.3Mb
sub-directories of 1Mb or more:
R 2.6Mb
data 1.4Mb
libs 6.1Mb
models 4.8Mb
Flavors: r-devel-linux-x86_64-fedora-clang, r-devel-windows-x86_64, r-release-macos-arm64, r-release-macos-x86_64, r-release-windows-x86_64, r-oldrel-macos-arm64, r-oldrel-macos-x86_64, r-oldrel-windows-x86_64