Last updated on 2024-08-07 00:49:23 CEST.
Flavor | Version | Tinstall | Tcheck | Ttotal | Status | Flags |
---|---|---|---|---|---|---|
r-devel-linux-x86_64-debian-clang | 1.1.1 | 44.85 | 37.90 | 82.75 | OK | |
r-devel-linux-x86_64-debian-gcc | 1.1.1 | 32.65 | 27.14 | 59.79 | OK | |
r-devel-linux-x86_64-fedora-clang | 1.1.1 | 146.06 | OK | |||
r-devel-linux-x86_64-fedora-gcc | 1.1.1 | 160.47 | OK | |||
r-devel-windows-x86_64 | 1.1.1 | 51.00 | 70.00 | 121.00 | OK | |
r-patched-linux-x86_64 | 1.1.1 | 42.04 | 35.84 | 77.88 | OK | |
r-release-linux-x86_64 | 1.1.1 | 43.05 | 35.72 | 78.77 | OK | |
r-release-macos-arm64 | 1.1.1 | 40.00 | NOTE | |||
r-release-macos-x86_64 | 1.1.1 | 108.00 | NOTE | |||
r-release-windows-x86_64 | 1.1.1 | 52.00 | 78.00 | 130.00 | OK | |
r-oldrel-macos-arm64 | 1.1.1 | 42.00 | NOTE | |||
r-oldrel-macos-x86_64 | 1.1.1 | 80.00 | NOTE | |||
r-oldrel-windows-x86_64 | 1.1.1 | 59.00 | 89.00 | 148.00 | OK |
Version: 1.1.1
Check: installed package size
Result: NOTE
installed size is 6.9Mb
sub-directories of 1Mb or more:
libs 6.6Mb
Flavors: r-release-macos-arm64, r-release-macos-x86_64, r-oldrel-macos-arm64, r-oldrel-macos-x86_64