Last updated on 2024-08-07 00:49:23 CEST.
Flavor | Version | Tinstall | Tcheck | Ttotal | Status | Flags |
---|---|---|---|---|---|---|
r-devel-linux-x86_64-debian-clang | 0.1.2 | 7.20 | 67.79 | 74.99 | OK | |
r-devel-linux-x86_64-debian-gcc | 0.1.2 | 4.84 | 49.09 | 53.93 | OK | |
r-devel-linux-x86_64-fedora-clang | 0.1.2 | 129.81 | OK | |||
r-devel-linux-x86_64-fedora-gcc | 0.1.2 | 126.43 | OK | |||
r-devel-windows-x86_64 | 0.1.2 | 9.00 | 76.00 | 85.00 | OK | |
r-patched-linux-x86_64 | 0.1.2 | 6.15 | 64.57 | 70.72 | OK | |
r-release-linux-x86_64 | 0.1.2 | 6.67 | 64.75 | 71.42 | OK | |
r-release-macos-arm64 | 0.1.2 | 47.00 | OK | |||
r-release-macos-x86_64 | 0.1.2 | 59.00 | OK | |||
r-release-windows-x86_64 | 0.1.2 | 9.00 | 76.00 | 85.00 | OK | |
r-oldrel-macos-arm64 | 0.1.2 | 6.00 | ERROR | |||
r-oldrel-macos-x86_64 | 0.1.2 | 68.00 | OK | |||
r-oldrel-windows-x86_64 | 0.1.2 | 11.00 | 92.00 | 103.00 | OK |
Version: 0.1.2
Check: whether package can be installed
Result: ERROR
Installation failed.
Flavor: r-oldrel-macos-arm64