Last updated on 2024-08-07 00:49:23 CEST.
Flavor | Version | Tinstall | Tcheck | Ttotal | Status | Flags |
---|---|---|---|---|---|---|
r-devel-linux-x86_64-debian-clang | 1.1.2 | 8.56 | 74.91 | 83.47 | OK | |
r-devel-linux-x86_64-debian-gcc | 1.1.2 | 6.44 | 53.99 | 60.43 | OK | |
r-devel-linux-x86_64-fedora-clang | 1.1.2 | 146.61 | NOTE | |||
r-devel-linux-x86_64-fedora-gcc | 1.1.2 | 203.27 | OK | |||
r-devel-windows-x86_64 | 1.1.2 | 11.00 | 84.00 | 95.00 | OK | |
r-patched-linux-x86_64 | 1.1.2 | 8.33 | 70.41 | 78.74 | OK | |
r-release-linux-x86_64 | 1.1.2 | 8.75 | 72.47 | 81.22 | OK | |
r-release-macos-arm64 | 1.1.2 | 48.00 | NOTE | |||
r-release-macos-x86_64 | 1.1.2 | 83.00 | NOTE | |||
r-release-windows-x86_64 | 1.1.2 | 11.00 | 84.00 | 95.00 | OK | |
r-oldrel-macos-arm64 | 1.1.2 | 71.00 | NOTE | |||
r-oldrel-macos-x86_64 | 1.1.2 | 101.00 | NOTE | |||
r-oldrel-windows-x86_64 | 1.1.2 | 14.00 | 104.00 | 118.00 | OK |
Version: 1.1.2
Check: installed package size
Result: NOTE
installed size is 5.0Mb
sub-directories of 1Mb or more:
doc 4.9Mb
Flavors: r-devel-linux-x86_64-fedora-clang, r-release-macos-arm64, r-release-macos-x86_64, r-oldrel-macos-arm64, r-oldrel-macos-x86_64