Last updated on 2024-08-07 00:49:23 CEST.
Flavor | Version | Tinstall | Tcheck | Ttotal | Status | Flags |
---|---|---|---|---|---|---|
r-devel-linux-x86_64-debian-clang | 0.1.0 | 4.90 | 50.26 | 55.16 | OK | |
r-devel-linux-x86_64-debian-gcc | 0.1.0 | 3.78 | 33.76 | 37.54 | OK | |
r-devel-linux-x86_64-fedora-clang | 0.1.0 | 96.33 | NOTE | |||
r-devel-linux-x86_64-fedora-gcc | 0.1.0 | 86.49 | NOTE | |||
r-devel-windows-x86_64 | 0.1.0 | 8.00 | 70.00 | 78.00 | OK | |
r-patched-linux-x86_64 | 0.1.0 | 5.53 | 47.47 | 53.00 | OK | |
r-release-linux-x86_64 | 0.1.0 | 5.45 | 47.78 | 53.23 | OK | |
r-release-macos-arm64 | 0.1.0 | 27.00 | OK | |||
r-release-macos-x86_64 | 0.1.0 | 42.00 | OK | |||
r-release-windows-x86_64 | 0.1.0 | 8.00 | 70.00 | 78.00 | OK | |
r-oldrel-macos-arm64 | 0.1.0 | 30.00 | OK | |||
r-oldrel-macos-x86_64 | 0.1.0 | 47.00 | OK | |||
r-oldrel-windows-x86_64 | 0.1.0 | 9.00 | 79.00 | 88.00 | OK |
Version: 0.1.0
Check: dependencies in R code
Result: NOTE
Namespace in Imports field not imported from: ‘ncvreg’
All declared Imports should be used.
Flavors: r-devel-linux-x86_64-fedora-clang, r-devel-linux-x86_64-fedora-gcc