Last updated on 2024-08-07 00:49:23 CEST.
Flavor | Version | Tinstall | Tcheck | Ttotal | Status | Flags |
---|---|---|---|---|---|---|
r-devel-linux-x86_64-debian-clang | 1.0 | 26.56 | 75.97 | 102.53 | NOTE | |
r-devel-linux-x86_64-debian-gcc | 1.0 | 18.18 | 52.90 | 71.08 | NOTE | |
r-devel-linux-x86_64-fedora-clang | 1.0 | 185.87 | NOTE | |||
r-devel-linux-x86_64-fedora-gcc | 1.0 | 177.11 | NOTE | |||
r-devel-windows-x86_64 | 1.0 | 30.00 | 125.00 | 155.00 | NOTE | |
r-patched-linux-x86_64 | 1.0 | 28.59 | 71.51 | 100.10 | NOTE | |
r-release-linux-x86_64 | 1.0 | 26.16 | 72.30 | 98.46 | NOTE | |
r-release-macos-arm64 | 1.0 | 57.00 | NOTE | |||
r-release-macos-x86_64 | 1.0 | 92.00 | NOTE | |||
r-release-windows-x86_64 | 1.0 | 31.00 | 123.00 | 154.00 | NOTE | |
r-oldrel-macos-arm64 | 1.0 | 61.00 | OK | |||
r-oldrel-macos-x86_64 | 1.0 | 171.00 | OK | |||
r-oldrel-windows-x86_64 | 1.0 | 38.00 | 136.00 | 174.00 | OK |
Version: 1.0
Check: Rd files
Result: NOTE
checkRd: (-1) mc3_pep.Rd:53: Lost braces; missing escapes or markup?
53 | is not 2^{p} but the number of unique models `visited' by the
| ^
Flavors: r-devel-linux-x86_64-debian-clang, r-devel-linux-x86_64-debian-gcc, r-devel-linux-x86_64-fedora-clang, r-devel-linux-x86_64-fedora-gcc, r-devel-windows-x86_64, r-patched-linux-x86_64, r-release-linux-x86_64, r-release-macos-arm64, r-release-macos-x86_64, r-release-windows-x86_64