Last updated on 2024-08-07 00:49:24 CEST.
Flavor | Version | Tinstall | Tcheck | Ttotal | Status | Flags |
---|---|---|---|---|---|---|
r-devel-linux-x86_64-debian-clang | 1.9.10 | 20.30 | 132.51 | 152.81 | NOTE | |
r-devel-linux-x86_64-debian-gcc | 1.9.10 | 12.73 | 86.42 | 99.15 | NOTE | |
r-devel-linux-x86_64-fedora-clang | 1.9.10 | 267.31 | OK | |||
r-devel-linux-x86_64-fedora-gcc | 1.9.10 | 248.56 | OK | |||
r-devel-windows-x86_64 | 1.9.10 | 25.00 | 162.00 | 187.00 | NOTE | |
r-patched-linux-x86_64 | 1.9.10 | 26.42 | 125.46 | 151.88 | OK | |
r-release-linux-x86_64 | 1.9.10 | 18.99 | 126.75 | 145.74 | OK | |
r-release-macos-arm64 | 1.9.10 | 68.00 | OK | |||
r-release-macos-x86_64 | 1.9.10 | 99.00 | OK | |||
r-release-windows-x86_64 | 1.9.10 | 26.00 | 158.00 | 184.00 | OK | |
r-oldrel-macos-arm64 | 1.9.10 | 73.00 | OK | |||
r-oldrel-macos-x86_64 | 1.9.10 | 148.00 | OK | |||
r-oldrel-windows-x86_64 | 1.9.10 | 32.00 | 194.00 | 226.00 | OK |
Version: 1.9.10
Check: Rd cross-references
Result: NOTE
Found the following Rd file(s) with Rd \link{} targets missing package
anchors:
kwManyOneConoverTest.Rd: pmvt
kwManyOneDunnTest.Rd: pmvnorm
kwManyOneNdwTest.Rd: pmvt
manyOneUTest.Rd: pmvnorm
Please provide package anchors for all Rd \link{} targets not in the
package itself and the base packages.
Flavors: r-devel-linux-x86_64-debian-clang, r-devel-linux-x86_64-debian-gcc, r-devel-windows-x86_64