Last updated on 2024-08-07 00:49:24 CEST.
Flavor | Version | Tinstall | Tcheck | Ttotal | Status | Flags |
---|---|---|---|---|---|---|
r-devel-linux-x86_64-debian-clang | 1.3 | 8.17 | 68.69 | 76.86 | NOTE | |
r-devel-linux-x86_64-debian-gcc | 1.3 | 5.91 | 48.71 | 54.62 | NOTE | |
r-devel-linux-x86_64-fedora-clang | 1.3 | 132.77 | OK | |||
r-devel-linux-x86_64-fedora-gcc | 1.3 | 117.37 | OK | |||
r-devel-windows-x86_64 | 1.3 | 10.00 | 82.00 | 92.00 | NOTE | |
r-patched-linux-x86_64 | 1.3 | 15.27 | 63.86 | 79.13 | OK | |
r-release-linux-x86_64 | 1.3 | 8.72 | 64.61 | 73.33 | OK | |
r-release-macos-arm64 | 1.3 | 37.00 | OK | |||
r-release-macos-x86_64 | 1.3 | 62.00 | OK | |||
r-release-windows-x86_64 | 1.3 | 9.00 | 83.00 | 92.00 | OK | |
r-oldrel-macos-arm64 | 1.3 | 43.00 | OK | |||
r-oldrel-macos-x86_64 | 1.3 | 101.00 | OK | |||
r-oldrel-windows-x86_64 | 1.3 | 13.00 | 96.00 | 109.00 | OK |
Version: 1.3
Check: Rd cross-references
Result: NOTE
Found the following Rd file(s) with Rd \link{} targets missing package
anchors:
BBmm.Rd: multiroot
HRQoLplot.Rd: radarchart
summary.BBmm.Rd: multiroot
Please provide package anchors for all Rd \link{} targets not in the
package itself and the base packages.
Flavors: r-devel-linux-x86_64-debian-clang, r-devel-linux-x86_64-debian-gcc, r-devel-windows-x86_64