Last updated on 2024-08-07 00:49:24 CEST.
Flavor | Version | Tinstall | Tcheck | Ttotal | Status | Flags |
---|---|---|---|---|---|---|
r-devel-linux-x86_64-debian-clang | 0.67.0 | 17.90 | 227.50 | 245.40 | NOTE | |
r-devel-linux-x86_64-debian-gcc | 0.67.0 | 9.57 | 163.61 | 173.18 | NOTE | |
r-devel-linux-x86_64-fedora-clang | 0.67.0 | 398.23 | OK | |||
r-devel-linux-x86_64-fedora-gcc | 0.67.0 | 468.81 | OK | |||
r-devel-windows-x86_64 | 0.67.0 | 17.00 | 416.00 | 433.00 | NOTE | |
r-patched-linux-x86_64 | 0.67.0 | 20.27 | 226.15 | 246.42 | OK | |
r-release-linux-x86_64 | 0.67.0 | 17.12 | 229.23 | 246.35 | OK | |
r-release-macos-arm64 | 0.67.0 | 150.00 | OK | |||
r-release-macos-x86_64 | 0.67.0 | 221.00 | OK | |||
r-release-windows-x86_64 | 0.67.0 | 18.00 | 558.00 | 576.00 | OK | |
r-oldrel-macos-arm64 | 0.67.0 | 197.00 | OK | |||
r-oldrel-macos-x86_64 | 0.67.0 | 375.00 | OK | |||
r-oldrel-windows-x86_64 | 0.67.0 | 23.00 | 440.00 | 463.00 | OK |
Version: 0.67.0
Check: Rd cross-references
Result: NOTE
Found the following Rd file(s) with Rd \link{} targets missing package
anchors:
as.CBS.DNAcopy.Rd: DNAcopy
as.DNAcopy.CBS.Rd: DNAcopy
Please provide package anchors for all Rd \link{} targets not in the
package itself and the base packages.
Flavors: r-devel-linux-x86_64-debian-clang, r-devel-linux-x86_64-debian-gcc, r-devel-windows-x86_64