Last updated on 2024-08-07 00:49:24 CEST.
Flavor | Version | Tinstall | Tcheck | Ttotal | Status | Flags |
---|---|---|---|---|---|---|
r-devel-linux-x86_64-debian-clang | 1.7 | 6.79 | 55.56 | 62.35 | NOTE | |
r-devel-linux-x86_64-debian-gcc | 1.7 | 5.62 | 41.32 | 46.94 | NOTE | |
r-devel-linux-x86_64-fedora-clang | 1.7 | 108.10 | NOTE | |||
r-devel-linux-x86_64-fedora-gcc | 1.7 | 93.51 | NOTE | |||
r-devel-windows-x86_64 | 1.7 | 7.00 | 68.00 | 75.00 | NOTE | |
r-patched-linux-x86_64 | 1.7 | 5.74 | 52.76 | 58.50 | NOTE | |
r-release-linux-x86_64 | 1.7 | 6.14 | 53.18 | 59.32 | NOTE | |
r-release-macos-arm64 | 1.7 | 32.00 | NOTE | |||
r-release-macos-x86_64 | 1.7 | 45.00 | NOTE | |||
r-release-windows-x86_64 | 1.7 | 8.00 | 70.00 | 78.00 | NOTE | |
r-oldrel-macos-arm64 | 1.7 | 36.00 | OK | |||
r-oldrel-macos-x86_64 | 1.7 | 54.00 | OK | |||
r-oldrel-windows-x86_64 | 1.7 | 9.00 | 78.00 | 87.00 | OK |
Version: 1.7
Check: Rd files
Result: NOTE
checkRd: (-1) PTE_bootstrap_inference.Rd:39-42: Lost braces
39 | continuous = function(Xytrain){ #defalt is OLS regression
| ^
checkRd: (-1) PTE_bootstrap_inference.Rd:43-47: Lost braces
43 | incidence = function(Xytrain){ #default is logistic regression
| ^
checkRd: (-1) PTE_bootstrap_inference.Rd:48-52: Lost braces
48 | survival = function(Xytrain){ #default is Weibull regression
| ^
checkRd: (-1) PTE_bootstrap_inference.Rd:66-68: Lost braces
66 | function(mod, Xyleftout){
| ^
checkRd: (-1) PTE_bootstrap_inference.Rd:74-77: Lost braces
74 | function(results, indices_1_1, indices_0_0, indices_0_1, indices_1_0){
| ^
Flavors: r-devel-linux-x86_64-debian-clang, r-devel-linux-x86_64-debian-gcc, r-devel-linux-x86_64-fedora-clang, r-devel-linux-x86_64-fedora-gcc, r-devel-windows-x86_64, r-patched-linux-x86_64, r-release-linux-x86_64, r-release-macos-arm64, r-release-macos-x86_64, r-release-windows-x86_64
Version: 1.7
Check: dependencies in R code
Result: NOTE
Namespace in Imports field not imported from: ‘grDevices’
All declared Imports should be used.
Flavors: r-devel-linux-x86_64-fedora-clang, r-devel-linux-x86_64-fedora-gcc