Last updated on 2024-08-07 00:49:23 CEST.
Flavor | Version | Tinstall | Tcheck | Ttotal | Status | Flags |
---|---|---|---|---|---|---|
r-devel-linux-x86_64-debian-clang | 1.0.0 | 3.65 | 47.18 | 50.83 | NOTE | |
r-devel-linux-x86_64-debian-gcc | 1.0.0 | 2.83 | 33.65 | 36.48 | NOTE | |
r-devel-linux-x86_64-fedora-clang | 1.0.0 | 87.23 | NOTE | |||
r-devel-linux-x86_64-fedora-gcc | 1.0.0 | 91.22 | NOTE | |||
r-devel-windows-x86_64 | 1.0.0 | 5.00 | 69.00 | 74.00 | NOTE | |
r-patched-linux-x86_64 | 1.0.0 | 5.91 | 44.78 | 50.69 | NOTE | |
r-release-linux-x86_64 | 1.0.0 | 3.24 | 44.88 | 48.12 | NOTE | |
r-release-macos-arm64 | 1.0.0 | 30.00 | NOTE | |||
r-release-macos-x86_64 | 1.0.0 | 45.00 | NOTE | |||
r-release-windows-x86_64 | 1.0.0 | 5.00 | 68.00 | 73.00 | NOTE | |
r-oldrel-macos-arm64 | 1.0.0 | 33.00 | NOTE | |||
r-oldrel-macos-x86_64 | 1.0.0 | 48.00 | NOTE | |||
r-oldrel-windows-x86_64 | 1.0.0 | 6.00 | 75.00 | 81.00 | NOTE |
Version: 1.0.0
Check: Rd files
Result: NOTE
checkRd: (-1) PakPMICS2018bh.Rd:90: Lost braces in \enumerate; meant \describe ?
checkRd: (-1) PakPMICS2018ch.Rd:454: Lost braces in \enumerate; meant \describe ?
checkRd: (-1) PakPMICS2018fs.Rd:310: Lost braces in \enumerate; meant \describe ?
checkRd: (-1) PakPMICS2018hh.Rd:364: Lost braces in \enumerate; meant \describe ?
checkRd: (-1) PakPMICS2018hl.Rd:132: Lost braces in \enumerate; meant \describe ?
checkRd: (-1) PakPMICS2018mm.Rd:71: Lost braces in \enumerate; meant \describe ?
checkRd: (-1) PakPMICS2018mn.Rd:245: Lost braces in \enumerate; meant \describe ?
checkRd: (-1) PakPMICS2018wm.Rd:448: Lost braces in \enumerate; meant \describe ?
Flavors: r-devel-linux-x86_64-debian-clang, r-devel-linux-x86_64-debian-gcc, r-devel-linux-x86_64-fedora-clang, r-devel-linux-x86_64-fedora-gcc, r-devel-windows-x86_64, r-patched-linux-x86_64, r-release-linux-x86_64, r-release-macos-arm64, r-release-macos-x86_64, r-release-windows-x86_64
Version: 1.0.0
Check: LazyData
Result: NOTE
'LazyData' is specified without a 'data' directory
Flavors: r-devel-linux-x86_64-debian-clang, r-devel-linux-x86_64-debian-gcc, r-devel-linux-x86_64-fedora-clang, r-devel-linux-x86_64-fedora-gcc, r-devel-windows-x86_64, r-patched-linux-x86_64, r-release-linux-x86_64, r-release-macos-arm64, r-release-macos-x86_64, r-release-windows-x86_64, r-oldrel-macos-arm64, r-oldrel-macos-x86_64, r-oldrel-windows-x86_64