Last updated on 2024-08-07 00:49:23 CEST.
Flavor | Version | Tinstall | Tcheck | Ttotal | Status | Flags |
---|---|---|---|---|---|---|
r-devel-linux-x86_64-debian-clang | 0.1.0 | 5.36 | 34.79 | 40.15 | NOTE | |
r-devel-linux-x86_64-debian-gcc | 0.1.0 | 4.14 | 25.82 | 29.96 | NOTE | |
r-devel-linux-x86_64-fedora-clang | 0.1.0 | 73.27 | NOTE | |||
r-devel-linux-x86_64-fedora-gcc | 0.1.0 | 77.03 | NOTE | |||
r-devel-windows-x86_64 | 0.1.0 | 8.00 | 52.00 | 60.00 | NOTE | |
r-patched-linux-x86_64 | 0.1.0 | 5.11 | 33.06 | 38.17 | NOTE | |
r-release-linux-x86_64 | 0.1.0 | 5.66 | 32.84 | 38.50 | NOTE | |
r-release-macos-arm64 | 0.1.0 | 28.00 | NOTE | |||
r-release-macos-x86_64 | 0.1.0 | 41.00 | NOTE | |||
r-release-windows-x86_64 | 0.1.0 | 8.00 | 53.00 | 61.00 | NOTE | |
r-oldrel-macos-arm64 | 0.1.0 | 32.00 | OK | |||
r-oldrel-macos-x86_64 | 0.1.0 | 47.00 | OK | |||
r-oldrel-windows-x86_64 | 0.1.0 | 10.00 | 56.00 | 66.00 | OK |
Version: 0.1.0
Check: Rd files
Result: NOTE
checkRd: (-1) PakPMICS2018mm.Rd:69: Lost braces in \enumerate; meant \describe ?
checkRd: (-1) PakPMICS2018mm.Rd:70: Lost braces in \enumerate; meant \describe ?
Flavors: r-devel-linux-x86_64-debian-clang, r-devel-linux-x86_64-debian-gcc, r-devel-linux-x86_64-fedora-clang, r-devel-linux-x86_64-fedora-gcc, r-devel-windows-x86_64, r-patched-linux-x86_64, r-release-linux-x86_64, r-release-macos-arm64, r-release-macos-x86_64, r-release-windows-x86_64