Last updated on 2024-08-07 00:49:23 CEST.
Flavor | Version | Tinstall | Tcheck | Ttotal | Status | Flags |
---|---|---|---|---|---|---|
r-devel-linux-x86_64-debian-clang | 1.0.4 | 279.87 | 108.37 | 388.24 | OK | |
r-devel-linux-x86_64-debian-gcc | 1.0.4 | 190.48 | 82.39 | 272.87 | OK | |
r-devel-linux-x86_64-fedora-clang | 1.0.4 | 695.87 | NOTE | |||
r-devel-linux-x86_64-fedora-gcc | 1.0.4 | 813.25 | OK | |||
r-devel-windows-x86_64 | 1.0.4 | 268.00 | 199.00 | 467.00 | NOTE | |
r-patched-linux-x86_64 | 1.0.4 | 257.91 | 108.47 | 366.38 | OK | |
r-release-linux-x86_64 | 1.0.4 | 264.04 | 108.53 | 372.57 | OK | |
r-release-macos-arm64 | 1.0.4 | 188.00 | NOTE | |||
r-release-macos-x86_64 | 1.0.4 | 183.00 | NOTE | |||
r-release-windows-x86_64 | 1.0.4 | 269.00 | 207.00 | 476.00 | NOTE | |
r-oldrel-macos-arm64 | 1.0.4 | 187.00 | NOTE | |||
r-oldrel-macos-x86_64 | 1.0.4 | 240.00 | NOTE | |||
r-oldrel-windows-x86_64 | 1.0.4 | 328.00 | 216.00 | 544.00 | NOTE |
Version: 1.0.4
Check: installed package size
Result: NOTE
installed size is 6.0Mb
sub-directories of 1Mb or more:
doc 3.1Mb
libs 2.6Mb
Flavors: r-devel-linux-x86_64-fedora-clang, r-devel-windows-x86_64, r-release-macos-arm64, r-release-macos-x86_64, r-release-windows-x86_64, r-oldrel-macos-arm64, r-oldrel-macos-x86_64, r-oldrel-windows-x86_64