Last updated on 2024-08-07 00:49:23 CEST.
Flavor | Version | Tinstall | Tcheck | Ttotal | Status | Flags |
---|---|---|---|---|---|---|
r-devel-linux-x86_64-debian-clang | 1.2.1 | 10.16 | 237.14 | 247.30 | OK | |
r-devel-linux-x86_64-debian-gcc | 1.2.1 | 6.85 | 173.32 | 180.17 | OK | |
r-devel-linux-x86_64-fedora-clang | 1.2.1 | 458.07 | OK | |||
r-devel-linux-x86_64-fedora-gcc | 1.2.1 | 429.53 | OK | |||
r-devel-windows-x86_64 | 1.2.1 | 11.00 | 252.00 | 263.00 | OK | |
r-patched-linux-x86_64 | 1.2.1 | 9.03 | 236.18 | 245.21 | OK | |
r-release-linux-x86_64 | 1.2.1 | 8.37 | 236.50 | 244.87 | OK | |
r-release-macos-arm64 | 1.2.1 | 146.00 | OK | |||
r-release-macos-x86_64 | 1.2.1 | 218.00 | NOTE | |||
r-release-windows-x86_64 | 1.2.1 | 10.00 | 253.00 | 263.00 | OK | |
r-oldrel-macos-arm64 | 1.2.1 | 164.00 | NOTE | |||
r-oldrel-macos-x86_64 | 1.2.1 | 271.00 | NOTE | |||
r-oldrel-windows-x86_64 | 1.2.1 | 13.00 | 299.00 | 312.00 | OK |
Version: 1.2.1
Check: installed package size
Result: NOTE
installed size is 5.4Mb
sub-directories of 1Mb or more:
data 3.4Mb
doc 1.9Mb
Flavors: r-release-macos-x86_64, r-oldrel-macos-arm64, r-oldrel-macos-x86_64
Version: 1.2.1
Check: package dependencies
Result: NOTE
Packages suggested but not available for checking:
'randomForestSRC', 'xgboost'
Flavor: r-oldrel-macos-x86_64