Last updated on 2024-08-07 00:49:24 CEST.
Flavor | Version | Tinstall | Tcheck | Ttotal | Status | Flags |
---|---|---|---|---|---|---|
r-devel-linux-x86_64-debian-clang | 0.1.3 | 223.56 | 125.35 | 348.91 | NOTE | |
r-devel-linux-x86_64-debian-gcc | 0.1.3 | 186.55 | 105.73 | 292.28 | NOTE | |
r-devel-linux-x86_64-fedora-clang | 0.1.3 | 605.77 | NOTE | |||
r-devel-linux-x86_64-fedora-gcc | 0.1.3 | 741.34 | NOTE | |||
r-devel-windows-x86_64 | 0.1.3 | 223.00 | 164.00 | 387.00 | NOTE | |
r-patched-linux-x86_64 | 0.1.3 | 239.68 | 139.41 | 379.09 | NOTE | |
r-release-linux-x86_64 | 0.1.3 | 236.44 | 139.11 | 375.55 | NOTE | |
r-release-macos-arm64 | 0.1.3 | 137.00 | NOTE | |||
r-release-macos-x86_64 | 0.1.3 | 161.00 | NOTE | |||
r-release-windows-x86_64 | 0.1.3 | 224.00 | 159.00 | 383.00 | NOTE | |
r-oldrel-macos-arm64 | 0.1.3 | 135.00 | NOTE | |||
r-oldrel-macos-x86_64 | 0.1.3 | 225.00 | NOTE | |||
r-oldrel-windows-x86_64 | 0.1.3 | 296.00 | 192.00 | 488.00 | NOTE |
Version: 0.1.3
Check: for GNU extensions in Makefiles
Result: NOTE
GNU make is a SystemRequirements.
Flavors: r-devel-linux-x86_64-debian-clang, r-devel-linux-x86_64-debian-gcc, r-devel-linux-x86_64-fedora-clang, r-devel-linux-x86_64-fedora-gcc, r-devel-windows-x86_64, r-patched-linux-x86_64, r-release-linux-x86_64, r-release-macos-arm64, r-release-macos-x86_64, r-release-windows-x86_64, r-oldrel-macos-arm64, r-oldrel-macos-x86_64, r-oldrel-windows-x86_64
Version: 0.1.3
Check: dependencies in R code
Result: NOTE
Namespace in Imports field not imported from: ‘rstantools’
All declared Imports should be used.
Flavors: r-devel-linux-x86_64-fedora-clang, r-devel-linux-x86_64-fedora-gcc
Version: 0.1.3
Check: installed package size
Result: NOTE
installed size is 53.7Mb
sub-directories of 1Mb or more:
libs 53.4Mb
Flavors: r-release-macos-arm64, r-release-macos-x86_64, r-oldrel-macos-arm64, r-oldrel-macos-x86_64