Last updated on 2024-08-07 00:49:24 CEST.
Flavor | Version | Tinstall | Tcheck | Ttotal | Status | Flags |
---|---|---|---|---|---|---|
r-devel-linux-x86_64-debian-clang | 1.1 | 84.96 | 57.81 | 142.77 | OK | |
r-devel-linux-x86_64-debian-gcc | 1.1 | 55.80 | 44.82 | 100.62 | OK | |
r-devel-linux-x86_64-fedora-clang | 1.1 | 211.86 | OK | |||
r-devel-linux-x86_64-fedora-gcc | 1.1 | 248.51 | OK | |||
r-devel-windows-x86_64 | 1.1 | 62.00 | 90.00 | 152.00 | OK | |
r-patched-linux-x86_64 | 1.1 | 74.19 | 56.63 | 130.82 | OK | |
r-release-linux-x86_64 | 1.1 | 79.61 | 57.86 | 137.47 | OK | |
r-release-macos-arm64 | 1.1 | 54.00 | NOTE | |||
r-release-macos-x86_64 | 1.1 | 86.00 | NOTE | |||
r-release-windows-x86_64 | 1.1 | 63.00 | 90.00 | 153.00 | OK | |
r-oldrel-macos-arm64 | 1.1 | 74.00 | NOTE | |||
r-oldrel-macos-x86_64 | 1.1 | 122.00 | NOTE | |||
r-oldrel-windows-x86_64 | 1.1 | 81.00 | 107.00 | 188.00 | OK |
Version: 1.1
Check: installed package size
Result: NOTE
installed size is 20.8Mb
sub-directories of 1Mb or more:
libs 20.6Mb
Flavors: r-release-macos-arm64, r-release-macos-x86_64, r-oldrel-macos-arm64, r-oldrel-macos-x86_64