Last updated on 2024-08-07 00:49:24 CEST.
Flavor | Version | Tinstall | Tcheck | Ttotal | Status | Flags |
---|---|---|---|---|---|---|
r-devel-linux-x86_64-debian-clang | 3.22 | 22.15 | 103.72 | 125.87 | NOTE | |
r-devel-linux-x86_64-debian-gcc | 3.22 | 14.48 | 63.43 | 77.91 | NOTE | |
r-devel-linux-x86_64-fedora-clang | 3.22 | 205.63 | NOTE | |||
r-devel-linux-x86_64-fedora-gcc | 3.22 | 200.96 | OK | |||
r-devel-windows-x86_64 | 3.22 | 32.00 | 113.00 | 145.00 | NOTE | |
r-patched-linux-x86_64 | 3.22 | 25.87 | 98.13 | 124.00 | OK | |
r-release-linux-x86_64 | 3.22 | 22.83 | 98.45 | 121.28 | OK | |
r-release-macos-arm64 | 3.22 | 51.00 | NOTE | |||
r-release-macos-x86_64 | 3.22 | 79.00 | NOTE | |||
r-release-windows-x86_64 | 3.22 | 32.00 | 113.00 | 145.00 | NOTE | |
r-oldrel-macos-arm64 | 3.22 | 55.00 | NOTE | |||
r-oldrel-macos-x86_64 | 3.22 | 125.00 | NOTE | |||
r-oldrel-windows-x86_64 | 3.22 | 39.00 | 144.00 | 183.00 | NOTE |
Version: 3.22
Check: Rd cross-references
Result: NOTE
Found the following Rd file(s) with Rd \link{} targets missing package
anchors:
minimize.Rd: factorize
modelFit.Rd: negate
Please provide package anchors for all Rd \link{} targets not in the
package itself and the base packages.
Flavors: r-devel-linux-x86_64-debian-clang, r-devel-linux-x86_64-debian-gcc, r-devel-windows-x86_64
Version: 3.22
Check: installed package size
Result: NOTE
installed size is 5.8Mb
sub-directories of 1Mb or more:
gui 1.7Mb
staticdocs 3.3Mb
Flavors: r-devel-linux-x86_64-fedora-clang, r-devel-windows-x86_64, r-release-macos-arm64, r-release-macos-x86_64, r-release-windows-x86_64, r-oldrel-macos-arm64, r-oldrel-macos-x86_64, r-oldrel-windows-x86_64