Last updated on 2024-08-07 00:49:24 CEST.
Flavor | Version | Tinstall | Tcheck | Ttotal | Status | Flags |
---|---|---|---|---|---|---|
r-devel-linux-x86_64-debian-clang | 1.2.0 | 204.90 | 85.76 | 290.66 | OK | |
r-devel-linux-x86_64-debian-gcc | 1.2.0 | 184.61 | 59.49 | 244.10 | OK | |
r-devel-linux-x86_64-fedora-clang | 1.2.0 | 439.17 | OK | |||
r-devel-linux-x86_64-fedora-gcc | 1.2.0 | 641.83 | OK | |||
r-devel-windows-x86_64 | 1.2.0 | 195.00 | 140.00 | 335.00 | NOTE | |
r-patched-linux-x86_64 | 1.2.0 | 225.04 | 81.35 | 306.39 | OK | |
r-release-linux-x86_64 | 1.2.0 | 221.06 | 81.79 | 302.85 | OK | |
r-release-macos-arm64 | 1.2.0 | 130.00 | NOTE | |||
r-release-macos-x86_64 | 1.2.0 | 172.00 | NOTE | |||
r-release-windows-x86_64 | 1.2.0 | 199.00 | 140.00 | 339.00 | NOTE | |
r-oldrel-macos-arm64 | 1.2.0 | 115.00 | NOTE | |||
r-oldrel-macos-x86_64 | 1.2.0 | 320.00 | NOTE | |||
r-oldrel-windows-x86_64 | 1.2.0 | 247.00 | 168.00 | 415.00 | NOTE |
Version: 1.2.0
Check: installed package size
Result: NOTE
installed size is 26.3Mb
sub-directories of 1Mb or more:
libs 25.6Mb
Flavors: r-devel-windows-x86_64, r-release-macos-arm64, r-release-macos-x86_64, r-release-windows-x86_64, r-oldrel-macos-arm64, r-oldrel-macos-x86_64, r-oldrel-windows-x86_64