Last updated on 2024-08-07 00:49:26 CEST.
Flavor | Version | Tinstall | Tcheck | Ttotal | Status | Flags |
---|---|---|---|---|---|---|
r-devel-linux-x86_64-debian-clang | 1.0.0 | 4.51 | 61.96 | 66.47 | OK | |
r-devel-linux-x86_64-debian-gcc | 1.0.0 | 3.16 | 38.77 | 41.93 | OK | |
r-devel-linux-x86_64-fedora-clang | 1.0.0 | 109.95 | NOTE | |||
r-devel-linux-x86_64-fedora-gcc | 1.0.0 | 102.73 | OK | |||
r-devel-windows-x86_64 | 1.0.0 | 8.00 | 76.00 | 84.00 | OK | |
r-patched-linux-x86_64 | 1.0.0 | 3.56 | 56.54 | 60.10 | OK | |
r-release-linux-x86_64 | 1.0.0 | 3.45 | 56.61 | 60.06 | OK | |
r-release-macos-arm64 | 1.0.0 | 30.00 | OK | |||
r-release-macos-x86_64 | 1.0.0 | 48.00 | OK | |||
r-release-windows-x86_64 | 1.0.0 | 7.00 | 76.00 | 83.00 | OK | |
r-oldrel-macos-arm64 | 1.0.0 | 32.00 | OK | |||
r-oldrel-macos-x86_64 | 1.0.0 | 75.00 | OK | |||
r-oldrel-windows-x86_64 | 1.0.0 | 8.00 | 89.00 | 97.00 | OK |
Version: 1.0.0
Check: installed package size
Result: NOTE
installed size is 5.0Mb
sub-directories of 1Mb or more:
libs 4.8Mb
Flavor: r-devel-linux-x86_64-fedora-clang