Last updated on 2024-08-07 00:49:26 CEST.
Flavor | Version | Tinstall | Tcheck | Ttotal | Status | Flags |
---|---|---|---|---|---|---|
r-devel-linux-x86_64-debian-clang | 1.4 | 12.68 | 27.45 | 40.13 | OK | |
r-devel-linux-x86_64-debian-gcc | 1.4 | 9.01 | 21.32 | 30.33 | OK | |
r-devel-linux-x86_64-fedora-clang | 1.4 | 68.68 | NOTE | |||
r-devel-linux-x86_64-fedora-gcc | 1.4 | 67.98 | NOTE | |||
r-devel-windows-x86_64 | 1.4 | 15.00 | 71.00 | 86.00 | OK | |
r-patched-linux-x86_64 | 1.4 | 11.35 | 26.79 | 38.14 | OK | |
r-release-linux-x86_64 | 1.4 | 12.04 | 27.07 | 39.11 | OK | |
r-release-macos-arm64 | 1.4 | 24.00 | OK | |||
r-release-macos-x86_64 | 1.4 | 34.00 | OK | |||
r-release-windows-x86_64 | 1.4 | 14.00 | 70.00 | 84.00 | OK | |
r-oldrel-macos-arm64 | 1.4 | 30.00 | OK | |||
r-oldrel-macos-x86_64 | 1.4 | 60.00 | OK | |||
r-oldrel-windows-x86_64 | 1.4 | 13.00 | 79.00 | 92.00 | OK |
Version: 1.4
Check: compiled code
Result: NOTE
File ‘RI2by2/libs/RI2by2.so’:
Found no calls to: ‘R_registerRoutines’, ‘R_useDynamicSymbols’
It is good practice to register native routines and to disable symbol
search.
See ‘Writing portable packages’ in the ‘Writing R Extensions’ manual.
Flavors: r-devel-linux-x86_64-fedora-clang, r-devel-linux-x86_64-fedora-gcc