Last updated on 2024-08-07 00:49:26 CEST.
Flavor | Version | Tinstall | Tcheck | Ttotal | Status | Flags |
---|---|---|---|---|---|---|
r-devel-linux-x86_64-debian-clang | 0.2.0 | 4.28 | 33.09 | 37.37 | OK | |
r-devel-linux-x86_64-debian-gcc | 0.2.0 | 3.13 | 24.54 | 27.67 | OK | |
r-devel-linux-x86_64-fedora-clang | 0.2.0 | 60.03 | NOTE | |||
r-devel-linux-x86_64-fedora-gcc | 0.2.0 | 55.25 | NOTE | |||
r-devel-windows-x86_64 | 0.2.0 | 5.00 | 54.00 | 59.00 | OK | |
r-patched-linux-x86_64 | 0.2.0 | 3.91 | 31.64 | 35.55 | OK | |
r-release-linux-x86_64 | 0.2.0 | 4.03 | 31.75 | 35.78 | OK | |
r-release-macos-arm64 | 0.2.0 | 20.00 | OK | |||
r-release-macos-x86_64 | 0.2.0 | 31.00 | OK | |||
r-release-windows-x86_64 | 0.2.0 | 7.00 | 52.00 | 59.00 | OK | |
r-oldrel-macos-arm64 | 0.2.0 | 23.00 | OK | |||
r-oldrel-macos-x86_64 | 0.2.0 | 31.00 | OK | |||
r-oldrel-windows-x86_64 | 0.2.0 | 6.00 | 56.00 | 62.00 | OK |
Version: 0.2.0
Check: dependencies in R code
Result: NOTE
Namespace in Imports field not imported from: ‘magrittr’
All declared Imports should be used.
Flavors: r-devel-linux-x86_64-fedora-clang, r-devel-linux-x86_64-fedora-gcc