Last updated on 2024-08-07 00:49:26 CEST.
Flavor | Version | Tinstall | Tcheck | Ttotal | Status | Flags |
---|---|---|---|---|---|---|
r-devel-linux-x86_64-debian-clang | 1.1.1 | 100.06 | 37.52 | 137.58 | OK | |
r-devel-linux-x86_64-debian-gcc | 1.1.1 | 65.00 | 29.17 | 94.17 | OK | |
r-devel-linux-x86_64-fedora-clang | 1.1.1 | 286.17 | OK | |||
r-devel-linux-x86_64-fedora-gcc | 1.1.1 | 283.77 | OK | |||
r-devel-windows-x86_64 | 1.1.1 | 119.00 | 81.00 | 200.00 | OK | |
r-patched-linux-x86_64 | 1.1.1 | 86.98 | 37.37 | 124.35 | OK | |
r-release-linux-x86_64 | 1.1.1 | 91.24 | 38.17 | 129.41 | OK | |
r-release-macos-arm64 | 1.1.1 | 68.00 | NOTE | |||
r-release-macos-x86_64 | 1.1.1 | 101.00 | NOTE | |||
r-release-windows-x86_64 | 1.1.1 | 121.00 | 80.00 | 201.00 | OK | |
r-oldrel-macos-arm64 | 1.1.1 | 96.00 | NOTE | |||
r-oldrel-macos-x86_64 | 1.1.1 | 84.00 | NOTE | |||
r-oldrel-windows-x86_64 | 1.1.1 | 141.00 | 91.00 | 232.00 | OK |
Version: 1.1.1
Check: installed package size
Result: NOTE
installed size is 5.9Mb
sub-directories of 1Mb or more:
libs 5.8Mb
Flavors: r-release-macos-arm64, r-release-macos-x86_64, r-oldrel-macos-arm64, r-oldrel-macos-x86_64