Last updated on 2024-08-07 00:49:26 CEST.
Flavor | Version | Tinstall | Tcheck | Ttotal | Status | Flags |
---|---|---|---|---|---|---|
r-devel-linux-x86_64-debian-clang | 1.3.3 | 36.05 | 154.46 | 190.51 | NOTE | |
r-devel-linux-x86_64-debian-gcc | 1.3.3 | 24.70 | 105.33 | 130.03 | NOTE | |
r-devel-linux-x86_64-fedora-clang | 1.3.3 | 306.02 | OK | |||
r-devel-linux-x86_64-fedora-gcc | 1.3.3 | 292.04 | OK | |||
r-devel-windows-x86_64 | 1.3.3 | 36.00 | 158.00 | 194.00 | NOTE | |
r-patched-linux-x86_64 | 1.3.3 | 40.18 | 145.57 | 185.75 | OK | |
r-release-linux-x86_64 | 1.3.3 | 32.32 | 147.46 | 179.78 | OK | |
r-release-macos-arm64 | 1.3.3 | 74.00 | OK | |||
r-release-macos-x86_64 | 1.3.3 | 156.00 | OK | |||
r-release-windows-x86_64 | 1.3.3 | 35.00 | 156.00 | 191.00 | OK | |
r-oldrel-macos-arm64 | 1.3.3 | 103.00 | OK | |||
r-oldrel-macos-x86_64 | 1.3.3 | 178.00 | OK | |||
r-oldrel-windows-x86_64 | 1.3.3 | 43.00 | 189.00 | 232.00 | OK |
Version: 1.3.3
Check: Rd cross-references
Result: NOTE
Found the following Rd file(s) with Rd \link{} targets missing package
anchors:
ORobEstimate-class.Rd: ALEstimate-class, kStepEstimate-class
asAnscombe-class.Rd: asRisk-class
asL1-class.Rd: asGRisk-class, asMSE, asMSE-class
asL1.Rd: asMSE
asL4-class.Rd: asGRisk-class, asMSE, asMSE-class
asL4.Rd: asMSE
checkmakeIC.Rd: IC-class
Please provide package anchors for all Rd \link{} targets not in the
package itself and the base packages.
Flavors: r-devel-linux-x86_64-debian-clang, r-devel-linux-x86_64-debian-gcc, r-devel-windows-x86_64