Last updated on 2024-08-07 00:49:26 CEST.
Flavor | Version | Tinstall | Tcheck | Ttotal | Status | Flags |
---|---|---|---|---|---|---|
r-devel-linux-x86_64-debian-clang | 1.1.2 | 37.82 | 29.33 | 67.15 | OK | |
r-devel-linux-x86_64-debian-gcc | 1.1.2 | 24.24 | 24.46 | 48.70 | OK | |
r-devel-linux-x86_64-fedora-clang | 1.1.2 | 121.82 | OK | |||
r-devel-linux-x86_64-fedora-gcc | 1.1.2 | 135.23 | OK | |||
r-devel-windows-x86_64 | 1.1.2 | 47.00 | 65.00 | 112.00 | OK | |
r-patched-linux-x86_64 | 1.1.2 | 31.00 | 29.94 | 60.94 | OK | |
r-release-linux-x86_64 | 1.1.2 | 31.16 | 29.57 | 60.73 | OK | |
r-release-macos-arm64 | 1.1.2 | 42.00 | NOTE | |||
r-release-macos-x86_64 | 1.1.2 | 58.00 | NOTE | |||
r-release-windows-x86_64 | 1.1.2 | 49.00 | 65.00 | 114.00 | OK | |
r-oldrel-macos-arm64 | 1.1.2 | 47.00 | NOTE | |||
r-oldrel-macos-x86_64 | 1.1.2 | 69.00 | NOTE | |||
r-oldrel-windows-x86_64 | 1.1.2 | 56.00 | 72.00 | 128.00 | OK |
Version: 1.1.2
Check: installed package size
Result: NOTE
installed size is 8.0Mb
sub-directories of 1Mb or more:
libs 7.6Mb
Flavors: r-release-macos-arm64, r-release-macos-x86_64, r-oldrel-macos-arm64, r-oldrel-macos-x86_64