Last updated on 2024-08-07 00:49:26 CEST.
Flavor | Version | Tinstall | Tcheck | Ttotal | Status | Flags |
---|---|---|---|---|---|---|
r-devel-linux-x86_64-debian-clang | 0.4.22 | 157.27 | 53.48 | 210.75 | NOTE | |
r-devel-linux-x86_64-debian-gcc | 0.4.22 | 121.61 | 40.80 | 162.41 | NOTE | |
r-devel-linux-x86_64-fedora-clang | 0.4.22 | 441.30 | NOTE | |||
r-devel-linux-x86_64-fedora-gcc | 0.4.22 | 481.95 | NOTE | |||
r-devel-windows-x86_64 | 0.4.22 | 284.00 | 183.00 | 467.00 | NOTE | |
r-patched-linux-x86_64 | 0.4.22 | 142.58 | 51.50 | 194.08 | OK | |
r-release-linux-x86_64 | 0.4.22 | 154.57 | 52.13 | 206.70 | OK | |
r-release-macos-arm64 | 0.4.22 | 97.00 | NOTE | |||
r-release-macos-x86_64 | 0.4.22 | 117.00 | NOTE | |||
r-release-windows-x86_64 | 0.4.22 | 299.00 | 192.00 | 491.00 | NOTE | |
r-oldrel-macos-arm64 | 0.4.22 | 127.00 | NOTE | |||
r-oldrel-macos-x86_64 | 0.4.22 | 249.00 | NOTE | |||
r-oldrel-windows-x86_64 | 0.4.22 | 246.00 | 197.00 | 443.00 | NOTE |
Version: 0.4.22
Check: compiled code
Result: NOTE
File ‘RProtoBuf/libs/RProtoBuf.so’:
Found non-API call to R: ‘SET_TYPEOF’
Compiled code should not call non-API entry points in R.
See ‘Writing portable packages’ in the ‘Writing R Extensions’ manual,
and section ‘Moving into C API compliance’ for issues with the use of
non-API entry points.
Flavors: r-devel-linux-x86_64-debian-clang, r-devel-linux-x86_64-debian-gcc, r-devel-linux-x86_64-fedora-clang, r-devel-linux-x86_64-fedora-gcc
Version: 0.4.22
Check: installed package size
Result: NOTE
installed size is 5.3Mb
sub-directories of 1Mb or more:
libs 4.0Mb
Flavors: r-devel-windows-x86_64, r-release-macos-arm64, r-release-macos-x86_64, r-release-windows-x86_64, r-oldrel-macos-arm64, r-oldrel-macos-x86_64, r-oldrel-windows-x86_64
Version: 0.4.22
Check: compiled code
Result: NOTE
File 'RProtoBuf/libs/x64/RProtoBuf.dll':
Found non-API call to R: 'SET_TYPEOF'
Compiled code should not call non-API entry points in R.
See 'Writing portable packages' in the 'Writing R Extensions' manual,
and section 'Moving into C API compliance' for issues with the use of
non-API entry points.
Flavor: r-devel-windows-x86_64