Last updated on 2024-08-07 00:49:26 CEST.
Flavor | Version | Tinstall | Tcheck | Ttotal | Status | Flags |
---|---|---|---|---|---|---|
r-devel-linux-x86_64-debian-clang | 0.1.5 | 15.13 | 63.07 | 78.20 | OK | |
r-devel-linux-x86_64-debian-gcc | 0.1.5 | 10.45 | 46.68 | 57.13 | OK | |
r-devel-linux-x86_64-fedora-clang | 0.1.5 | 127.72 | NOTE | |||
r-devel-linux-x86_64-fedora-gcc | 0.1.5 | 124.13 | OK | |||
r-devel-windows-x86_64 | 0.1.5 | 17.00 | 91.00 | 108.00 | OK | |
r-patched-linux-x86_64 | 0.1.5 | 14.52 | 60.58 | 75.10 | OK | |
r-release-linux-x86_64 | 0.1.5 | 13.27 | 60.97 | 74.24 | OK | |
r-release-macos-arm64 | 0.1.5 | 39.00 | OK | |||
r-release-macos-x86_64 | 0.1.5 | 58.00 | OK | |||
r-release-windows-x86_64 | 0.1.5 | 18.00 | 94.00 | 112.00 | OK | |
r-oldrel-macos-arm64 | 0.1.5 | 45.00 | OK | |||
r-oldrel-macos-x86_64 | 0.1.5 | 68.00 | OK | |||
r-oldrel-windows-x86_64 | 0.1.5 | 23.00 | 107.00 | 130.00 | OK |
Version: 0.1.5
Check: Rd cross-references
Result: NOTE
Undeclared package ‘scalreg’ in Rd xrefs
Flavor: r-devel-linux-x86_64-fedora-clang