Last updated on 2024-08-07 00:49:26 CEST.
Flavor | Version | Tinstall | Tcheck | Ttotal | Status | Flags |
---|---|---|---|---|---|---|
r-devel-linux-x86_64-debian-clang | 1.0.0 | 102.54 | 475.50 | 578.04 | OK | |
r-devel-linux-x86_64-debian-gcc | 1.0.0 | 71.37 | 298.34 | 369.71 | OK | |
r-devel-linux-x86_64-fedora-clang | 1.0.0 | 1064.12 | OK | |||
r-devel-linux-x86_64-fedora-gcc | 1.0.0 | 940.20 | OK | |||
r-devel-windows-x86_64 | 1.0.0 | 116.00 | 406.00 | 522.00 | OK | |
r-patched-linux-x86_64 | 1.0.0 | 106.85 | 446.66 | 553.51 | OK | |
r-release-linux-x86_64 | 1.0.0 | 99.54 | 450.03 | 549.57 | OK | |
r-release-macos-arm64 | 1.0.0 | 228.00 | NOTE | |||
r-release-macos-x86_64 | 1.0.0 | 338.00 | NOTE | |||
r-release-windows-x86_64 | 1.0.0 | 116.00 | 410.00 | 526.00 | OK | |
r-oldrel-macos-arm64 | 1.0.0 | 256.00 | NOTE | |||
r-oldrel-macos-x86_64 | 1.0.0 | 454.00 | NOTE | |||
r-oldrel-windows-x86_64 | 1.0.0 | 147.00 | 537.00 | 684.00 | OK |
Version: 1.0.0
Check: installed package size
Result: NOTE
installed size is 5.9Mb
sub-directories of 1Mb or more:
external 1.6Mb
libs 3.8Mb
Flavors: r-release-macos-arm64, r-release-macos-x86_64, r-oldrel-macos-arm64, r-oldrel-macos-x86_64