Last updated on 2024-08-07 00:49:26 CEST.
Flavor | Version | Tinstall | Tcheck | Ttotal | Status | Flags |
---|---|---|---|---|---|---|
r-devel-linux-x86_64-debian-clang | 0.2.1 | 3.69 | 39.39 | 43.08 | OK | |
r-devel-linux-x86_64-debian-gcc | 0.2.1 | 2.62 | 28.79 | 31.41 | OK | |
r-devel-linux-x86_64-fedora-clang | 0.2.1 | 69.85 | NOTE | |||
r-devel-linux-x86_64-fedora-gcc | 0.2.1 | 63.78 | NOTE | |||
r-devel-windows-x86_64 | 0.2.1 | 6.00 | 71.00 | 77.00 | OK | |
r-patched-linux-x86_64 | 0.2.1 | 4.37 | 37.60 | 41.97 | OK | |
r-release-linux-x86_64 | 0.2.1 | 3.67 | 38.07 | 41.74 | OK | |
r-release-macos-arm64 | 0.2.1 | 23.00 | OK | |||
r-release-macos-x86_64 | 0.2.1 | 33.00 | OK | |||
r-release-windows-x86_64 | 0.2.1 | 7.00 | 83.00 | 90.00 | OK | |
r-oldrel-macos-arm64 | 0.2.1 | 26.00 | OK | |||
r-oldrel-macos-x86_64 | 0.2.1 | 37.00 | OK | |||
r-oldrel-windows-x86_64 | 0.2.1 | 7.00 | 75.00 | 82.00 | OK |
Version: 0.2.1
Check: dependencies in R code
Result: NOTE
Namespace in Imports field not imported from: ‘mc2d’
All declared Imports should be used.
Flavors: r-devel-linux-x86_64-fedora-clang, r-devel-linux-x86_64-fedora-gcc