Last updated on 2024-08-07 00:49:27 CEST.
Flavor | Version | Tinstall | Tcheck | Ttotal | Status | Flags |
---|---|---|---|---|---|---|
r-devel-linux-x86_64-debian-clang | 2.1.0 | 20.84 | 172.64 | 193.48 | OK | |
r-devel-linux-x86_64-debian-gcc | 2.1.0 | 14.33 | 124.02 | 138.35 | OK | |
r-devel-linux-x86_64-fedora-clang | 2.1.0 | 314.00 | OK | |||
r-devel-linux-x86_64-fedora-gcc | 2.1.0 | 309.82 | OK | |||
r-devel-windows-x86_64 | 2.1.0 | 21.00 | 160.00 | 181.00 | OK | |
r-patched-linux-x86_64 | 2.1.0 | 17.39 | 165.60 | 182.99 | OK | |
r-release-linux-x86_64 | 2.1.0 | 18.33 | 166.03 | 184.36 | OK | |
r-release-macos-arm64 | 2.1.0 | 87.00 | OK | |||
r-release-macos-x86_64 | 2.1.0 | 147.00 | OK | |||
r-release-windows-x86_64 | 2.1.0 | 20.00 | 162.00 | 182.00 | OK | |
r-oldrel-macos-arm64 | 2.1.0 | 86.00 | NOTE | |||
r-oldrel-macos-x86_64 | 2.1.0 | 132.00 | NOTE | |||
r-oldrel-windows-x86_64 | 2.1.0 | 27.00 | 205.00 | 232.00 | OK |
Version: 2.1.0
Check: package dependencies
Result: NOTE
Package suggested but not available for checking: ‘Gviz’
Flavors: r-oldrel-macos-arm64, r-oldrel-macos-x86_64