Last updated on 2024-08-07 00:49:27 CEST.
Flavor | Version | Tinstall | Tcheck | Ttotal | Status | Flags |
---|---|---|---|---|---|---|
r-devel-linux-x86_64-debian-clang | 1.1.0 | 3.90 | 60.60 | 64.50 | NOTE | |
r-devel-linux-x86_64-debian-gcc | 1.1.0 | 3.08 | 45.12 | 48.20 | NOTE | |
r-devel-linux-x86_64-fedora-clang | 1.1.0 | 105.35 | NOTE | |||
r-devel-linux-x86_64-fedora-gcc | 1.1.0 | 115.74 | NOTE | |||
r-devel-windows-x86_64 | 1.1.0 | 6.00 | 66.00 | 72.00 | NOTE | |
r-patched-linux-x86_64 | 1.1.0 | 3.98 | 58.38 | 62.36 | NOTE | |
r-release-linux-x86_64 | 1.1.0 | 3.87 | 58.56 | 62.43 | NOTE | |
r-release-macos-arm64 | 1.1.0 | 32.00 | NOTE | |||
r-release-macos-x86_64 | 1.1.0 | 53.00 | NOTE | |||
r-release-windows-x86_64 | 1.1.0 | 6.00 | 66.00 | 72.00 | NOTE | |
r-oldrel-macos-arm64 | 1.1.0 | 32.00 | NOTE | |||
r-oldrel-macos-x86_64 | 1.1.0 | 48.00 | NOTE | |||
r-oldrel-windows-x86_64 | 1.1.0 | 6.00 | 71.00 | 77.00 | NOTE |
Version: 1.1.0
Check: LazyData
Result: NOTE
'LazyData' is specified without a 'data' directory
Flavors: r-devel-linux-x86_64-debian-clang, r-devel-linux-x86_64-debian-gcc, r-devel-linux-x86_64-fedora-clang, r-devel-linux-x86_64-fedora-gcc, r-devel-windows-x86_64, r-patched-linux-x86_64, r-release-linux-x86_64, r-release-macos-arm64, r-release-macos-x86_64, r-release-windows-x86_64, r-oldrel-macos-arm64, r-oldrel-macos-x86_64, r-oldrel-windows-x86_64