Last updated on 2024-08-07 00:49:27 CEST.
Flavor | Version | Tinstall | Tcheck | Ttotal | Status | Flags |
---|---|---|---|---|---|---|
r-devel-linux-x86_64-debian-clang | 3.9.3-2 | 4.10 | 22.39 | 26.49 | OK | |
r-devel-linux-x86_64-debian-gcc | 3.9.3-2 | 3.06 | 17.19 | 20.25 | OK | |
r-devel-linux-x86_64-fedora-clang | 3.9.3-2 | 42.36 | NOTE | |||
r-devel-linux-x86_64-fedora-gcc | 3.9.3-2 | 41.93 | OK | |||
r-devel-windows-x86_64 | 3.9.3-2 | 5.00 | 33.00 | 38.00 | NOTE | |
r-patched-linux-x86_64 | 3.9.3-2 | 3.58 | 21.50 | 25.08 | OK | |
r-release-linux-x86_64 | 3.9.3-2 | 3.53 | 21.77 | 25.30 | OK | |
r-release-macos-arm64 | 3.9.3-2 | 18.00 | NOTE | |||
r-release-macos-x86_64 | 3.9.3-2 | 27.00 | NOTE | |||
r-release-windows-x86_64 | 3.9.3-2 | 4.00 | 33.00 | 37.00 | NOTE | |
r-oldrel-macos-arm64 | 3.9.3-2 | 20.00 | NOTE | |||
r-oldrel-macos-x86_64 | 3.9.3-2 | 28.00 | NOTE | |||
r-oldrel-windows-x86_64 | 3.9.3-2 | 7.00 | 39.00 | 46.00 | NOTE |
Version: 3.9.3-2
Check: installed package size
Result: NOTE
installed size is 10.8Mb
sub-directories of 1Mb or more:
java 10.7Mb
Flavors: r-devel-linux-x86_64-fedora-clang, r-devel-windows-x86_64, r-release-macos-arm64, r-release-macos-x86_64, r-release-windows-x86_64, r-oldrel-macos-arm64, r-oldrel-macos-x86_64, r-oldrel-windows-x86_64