Last updated on 2024-08-07 00:49:27 CEST.
Flavor | Version | Tinstall | Tcheck | Ttotal | Status | Flags |
---|---|---|---|---|---|---|
r-devel-linux-x86_64-debian-clang | 0.3.2.1 | 11.29 | 74.70 | 85.99 | OK | |
r-devel-linux-x86_64-debian-gcc | 0.3.2.1 | 6.77 | 55.37 | 62.14 | OK | |
r-devel-linux-x86_64-fedora-clang | 0.3.2.1 | 139.46 | NOTE | |||
r-devel-linux-x86_64-fedora-gcc | 0.3.2.1 | 144.32 | OK | |||
r-devel-windows-x86_64 | 0.3.2.1 | 17.00 | 153.00 | 170.00 | OK | |
r-patched-linux-x86_64 | 0.3.2.1 | 10.06 | 69.53 | 79.59 | OK | |
r-release-linux-x86_64 | 0.3.2.1 | 10.08 | 70.89 | 80.97 | OK | |
r-release-macos-arm64 | 0.3.2.1 | 69.00 | OK | |||
r-release-macos-x86_64 | 0.3.2.1 | 113.00 | OK | |||
r-release-windows-x86_64 | 0.3.2.1 | 17.00 | 154.00 | 171.00 | OK | |
r-oldrel-macos-arm64 | 0.3.2.1 | 56.00 | OK | |||
r-oldrel-macos-x86_64 | 0.3.2.1 | 106.00 | OK | |||
r-oldrel-windows-x86_64 | 0.3.2.1 | 20.00 | 142.00 | 162.00 | OK |
Version: 0.3.2.1
Check: installed package size
Result: NOTE
installed size is 6.2Mb
sub-directories of 1Mb or more:
exdata 2.4Mb
libs 1.9Mb
Flavor: r-devel-linux-x86_64-fedora-clang