Last updated on 2024-08-07 00:49:25 CEST.
Flavor | Version | Tinstall | Tcheck | Ttotal | Status | Flags |
---|---|---|---|---|---|---|
r-devel-linux-x86_64-debian-clang | 1.4.0 | 5.93 | 153.29 | 159.22 | OK | |
r-devel-linux-x86_64-debian-gcc | 1.4.0 | 3.19 | 118.84 | 122.03 | OK | |
r-devel-linux-x86_64-fedora-clang | 1.4.0 | 271.49 | OK | |||
r-devel-linux-x86_64-fedora-gcc | 1.4.0 | 268.01 | OK | |||
r-devel-windows-x86_64 | 1.4.0 | 7.00 | 181.00 | 188.00 | OK | |
r-patched-linux-x86_64 | 1.4.0 | 5.29 | 149.18 | 154.47 | OK | |
r-release-linux-x86_64 | 1.4.0 | 5.30 | 150.53 | 155.83 | OK | |
r-release-macos-arm64 | 1.4.0 | 74.00 | OK | |||
r-release-macos-x86_64 | 1.4.0 | 121.00 | NOTE | |||
r-release-windows-x86_64 | 1.4.0 | 8.00 | 186.00 | 194.00 | OK | |
r-oldrel-macos-arm64 | 1.4.0 | 83.00 | NOTE | |||
r-oldrel-macos-x86_64 | 1.4.0 | 210.00 | NOTE | |||
r-oldrel-windows-x86_64 | 1.4.0 | 9.00 | 209.00 | 218.00 | OK |
Version: 1.4.0
Check: package dependencies
Result: NOTE
Package suggested but not available for checking: ‘arrow’
Flavor: r-release-macos-x86_64
Version: 1.4.0
Check: package dependencies
Result: NOTE
Package suggested but not available for checking: ‘Spectra’
Flavors: r-oldrel-macos-arm64, r-oldrel-macos-x86_64