Last updated on 2024-08-07 00:49:25 CEST.
Flavor | Version | Tinstall | Tcheck | Ttotal | Status | Flags |
---|---|---|---|---|---|---|
r-devel-linux-x86_64-debian-clang | 2.9-2 | 43.87 | 230.34 | 274.21 | OK | |
r-devel-linux-x86_64-debian-gcc | 2.9-2 | 28.34 | 161.02 | 189.36 | OK | |
r-devel-linux-x86_64-fedora-clang | 2.9-2 | 472.97 | NOTE | |||
r-devel-linux-x86_64-fedora-gcc | 2.9-2 | 464.27 | OK | |||
r-devel-windows-x86_64 | 2.9-2 | 37.00 | 222.00 | 259.00 | NOTE | |
r-patched-linux-x86_64 | 2.9-2 | 43.16 | 222.33 | 265.49 | OK | |
r-release-linux-x86_64 | 2.9-2 | 42.41 | 220.40 | 262.81 | OK | |
r-release-macos-arm64 | 2.9-2 | 173.00 | NOTE | |||
r-release-macos-x86_64 | 2.9-2 | 189.00 | NOTE | |||
r-release-windows-x86_64 | 2.9-2 | 38.00 | 237.00 | 275.00 | NOTE | |
r-oldrel-macos-arm64 | 2.9-2 | 115.00 | NOTE | |||
r-oldrel-macos-x86_64 | 2.9-2 | 192.00 | NOTE | |||
r-oldrel-windows-x86_64 | 2.9-2 | 46.00 | 273.00 | 319.00 | NOTE |
Version: 2.9-2
Check: installed package size
Result: NOTE
installed size is 8.0Mb
sub-directories of 1Mb or more:
R 1.2Mb
doc 3.5Mb
po 2.5Mb
Flavors: r-devel-linux-x86_64-fedora-clang, r-devel-windows-x86_64, r-release-macos-arm64, r-release-macos-x86_64, r-release-windows-x86_64, r-oldrel-macos-arm64, r-oldrel-macos-x86_64, r-oldrel-windows-x86_64