Last updated on 2024-08-07 00:49:25 CEST.
Flavor | Version | Tinstall | Tcheck | Ttotal | Status | Flags |
---|---|---|---|---|---|---|
r-devel-linux-x86_64-debian-clang | 0.2-3 | 18.04 | 129.54 | 147.58 | NOTE | |
r-devel-linux-x86_64-debian-gcc | 0.2-3 | 13.41 | 95.14 | 108.55 | NOTE | |
r-devel-linux-x86_64-fedora-clang | 0.2-3 | 253.94 | OK | |||
r-devel-linux-x86_64-fedora-gcc | 0.2-3 | 243.67 | OK | |||
r-devel-windows-x86_64 | 0.2-3 | 24.00 | 207.00 | 231.00 | NOTE | |
r-patched-linux-x86_64 | 0.2-3 | 24.04 | 124.43 | 148.47 | OK | |
r-release-linux-x86_64 | 0.2-3 | 17.81 | 125.38 | 143.19 | OK | |
r-release-macos-arm64 | 0.2-3 | 86.00 | OK | |||
r-release-macos-x86_64 | 0.2-3 | 111.00 | OK | |||
r-release-windows-x86_64 | 0.2-3 | 23.00 | 183.00 | 206.00 | OK | |
r-oldrel-macos-arm64 | 0.2-3 | 71.00 | OK | |||
r-oldrel-macos-x86_64 | 0.2-3 | 242.00 | OK | |||
r-oldrel-windows-x86_64 | 0.2-3 | 22.00 | 160.00 | 182.00 | OK |
Version: 0.2-3
Check: Rd cross-references
Result: NOTE
Found the following Rd file(s) with Rd \link{} targets missing package
anchors:
RcmdrPlugin.BWS3-package.Rd: support.BWS3, support.CEs, Rcmdr
Please provide package anchors for all Rd \link{} targets not in the
package itself and the base packages.
Flavors: r-devel-linux-x86_64-debian-clang, r-devel-linux-x86_64-debian-gcc, r-devel-windows-x86_64