Last updated on 2024-08-07 00:49:25 CEST.
Flavor | Version | Tinstall | Tcheck | Ttotal | Status | Flags |
---|---|---|---|---|---|---|
r-devel-linux-x86_64-debian-clang | 0.12-5 | 36.27 | 185.94 | 222.21 | NOTE | |
r-devel-linux-x86_64-debian-gcc | 0.12-5 | 27.40 | 134.64 | 162.04 | NOTE | |
r-devel-linux-x86_64-fedora-clang | 0.12-5 | 372.80 | NOTE | |||
r-devel-linux-x86_64-fedora-gcc | 0.12-5 | 356.39 | OK | |||
r-devel-windows-x86_64 | 0.12-5 | 41.00 | 243.00 | 284.00 | NOTE | |
r-patched-linux-x86_64 | 0.12-5 | 42.68 | 181.56 | 224.24 | OK | |
r-release-linux-x86_64 | 0.12-5 | 33.06 | 179.59 | 212.65 | OK | |
r-release-macos-arm64 | 0.12-5 | 109.00 | OK | |||
r-release-macos-x86_64 | 0.12-5 | 143.00 | OK | |||
r-release-windows-x86_64 | 0.12-5 | 38.00 | 215.00 | 253.00 | OK | |
r-oldrel-macos-arm64 | 0.12-5 | 70.00 | OK | |||
r-oldrel-macos-x86_64 | 0.12-5 | 133.00 | OK | |||
r-oldrel-windows-x86_64 | 0.12-5 | 41.00 | 206.00 | 247.00 | OK |
Version: 0.12-5
Check: Rd cross-references
Result: NOTE
Found the following Rd file(s) with Rd \link{} targets missing package
anchors:
Menu.FrF2levelTab1.Rd: FrF2
Please provide package anchors for all Rd \link{} targets not in the
package itself and the base packages.
Flavors: r-devel-linux-x86_64-debian-clang, r-devel-linux-x86_64-debian-gcc, r-devel-windows-x86_64
Version: 0.12-5
Check: Rd cross-references
Result: NOTE
Undeclared packages ‘BsMD’, ‘rsm’, ‘AlgDesign’, ‘lhs’ in Rd xrefs
Flavor: r-devel-linux-x86_64-fedora-clang