Last updated on 2024-08-07 00:49:25 CEST.
Flavor | Version | Tinstall | Tcheck | Ttotal | Status | Flags |
---|---|---|---|---|---|---|
r-devel-linux-x86_64-debian-clang | 14.0.0-1 | 31.23 | 181.39 | 212.62 | OK | |
r-devel-linux-x86_64-debian-gcc | 14.0.0-1 | 21.58 | 127.57 | 149.15 | OK | |
r-devel-linux-x86_64-fedora-clang | 14.0.0-1 | 432.51 | NOTE | |||
r-devel-linux-x86_64-fedora-gcc | 14.0.0-1 | 439.39 | OK | |||
r-devel-windows-x86_64 | 14.0.0-1 | 55.00 | 311.00 | 366.00 | NOTE | |
r-patched-linux-x86_64 | 14.0.0-1 | 26.59 | 171.13 | 197.72 | OK | |
r-release-linux-x86_64 | 14.0.0-1 | 28.51 | 169.94 | 198.45 | OK | |
r-release-macos-arm64 | 14.0.0-1 | 141.00 | NOTE | |||
r-release-macos-x86_64 | 14.0.0-1 | 396.00 | NOTE | |||
r-release-windows-x86_64 | 14.0.0-1 | 56.00 | 249.00 | 305.00 | NOTE | |
r-oldrel-macos-arm64 | 14.0.0-1 | 126.00 | ERROR | |||
r-oldrel-macos-x86_64 | 14.0.0-1 | 333.00 | ERROR | |||
r-oldrel-windows-x86_64 | 14.0.0-1 | 56.00 | 281.00 | 337.00 | NOTE |
Version: 14.0.0-1
Check: installed package size
Result: NOTE
installed size is 7.7Mb
sub-directories of 1Mb or more:
include 6.6Mb
Flavors: r-devel-linux-x86_64-fedora-clang, r-devel-windows-x86_64, r-release-macos-arm64, r-release-macos-x86_64, r-release-windows-x86_64, r-oldrel-macos-arm64, r-oldrel-macos-x86_64, r-oldrel-windows-x86_64
Version: 14.0.0-1
Check: tests
Result: ERROR
Running ‘tinytest.R’ [38s/54s]
Running the tests in ‘tests/tinytest.R’ failed.
Last 13 lines of output:
test_scipy2r.R................ 0 tests
test_scipy2r.R................ 0 tests
test_scipy2r.R................ 0 tests
test_scipy2r.R................ 0 tests
test_scipy2r.R................ 0 tests
test_scipy2r.R................ 0 tests
test_scipy2r.R................ 0 tests
test_scipy2r.R................ 0 tests
test_scipy2r.R................ 0 tests
test_scipy2r.R................ 0 tests
test_scipy2r.R................ 0 tests
test_scipy2r.R................ 0 tests Error in as.integer(as_r_value(x$indices)) :
cannot coerce type 'environment' to vector of type 'integer'
Calls: <Anonymous> ... initialize -> initialize -> callNextMethod -> .nextMethod
Execution halted
Flavor: r-oldrel-macos-arm64
Version: 14.0.0-1
Check: tests
Result: ERROR
Running ‘tinytest.R’ [81s/182s]
Running the tests in ‘tests/tinytest.R’ failed.
Last 13 lines of output:
test_scipy2r.R................ 0 tests
test_scipy2r.R................ 0 tests
test_scipy2r.R................ 0 tests
test_scipy2r.R................ 0 tests
test_scipy2r.R................ 0 tests
test_scipy2r.R................ 0 tests
test_scipy2r.R................ 0 tests
test_scipy2r.R................ 0 tests
test_scipy2r.R................ 0 tests
test_scipy2r.R................ 0 tests
test_scipy2r.R................ 0 tests
test_scipy2r.R................ 0 tests Error in as.integer(as_r_value(x$indices)) :
cannot coerce type 'environment' to vector of type 'integer'
Calls: <Anonymous> ... initialize -> initialize -> callNextMethod -> .nextMethod
Execution halted
Flavor: r-oldrel-macos-x86_64