Last updated on 2024-08-07 00:49:25 CEST.
Flavor | Version | Tinstall | Tcheck | Ttotal | Status | Flags |
---|---|---|---|---|---|---|
r-devel-linux-x86_64-debian-clang | 5.6.4 | 4.02 | 28.00 | 32.02 | OK | |
r-devel-linux-x86_64-debian-gcc | 5.6.4 | 3.30 | 22.05 | 25.35 | OK | |
r-devel-linux-x86_64-fedora-clang | 5.6.4 | 59.98 | NOTE | |||
r-devel-linux-x86_64-fedora-gcc | 5.6.4 | 70.52 | OK | |||
r-devel-windows-x86_64 | 5.6.4 | 58.00 | 50.00 | 108.00 | NOTE | |
r-patched-linux-x86_64 | 5.6.4 | 3.89 | 26.69 | 30.58 | OK | |
r-release-linux-x86_64 | 5.6.4 | 3.45 | 26.88 | 30.33 | OK | |
r-release-macos-arm64 | 5.6.4 | 57.00 | NOTE | |||
r-release-macos-x86_64 | 5.6.4 | 120.00 | NOTE | |||
r-release-windows-x86_64 | 5.6.4 | 45.00 | 53.00 | 98.00 | NOTE | |
r-oldrel-macos-arm64 | 5.6.4 | 55.00 | NOTE | |||
r-oldrel-macos-x86_64 | 5.6.4 | 101.00 | NOTE | |||
r-oldrel-windows-x86_64 | 5.6.4 | 38.00 | 51.00 | 89.00 | NOTE |
Version: 5.6.4
Check: installed package size
Result: NOTE
installed size is 46.8Mb
sub-directories of 1Mb or more:
include 46.7Mb
Flavors: r-devel-linux-x86_64-fedora-clang, r-devel-windows-x86_64, r-release-macos-arm64, r-release-macos-x86_64, r-release-windows-x86_64, r-oldrel-macos-arm64, r-oldrel-macos-x86_64, r-oldrel-windows-x86_64