Last updated on 2024-08-07 00:49:25 CEST.
Flavor | Version | Tinstall | Tcheck | Ttotal | Status | Flags |
---|---|---|---|---|---|---|
r-devel-linux-x86_64-debian-clang | 0.3.0 | 53.24 | 104.03 | 157.27 | NOTE | |
r-devel-linux-x86_64-debian-gcc | 0.3.0 | 38.35 | 77.21 | 115.56 | NOTE | |
r-devel-linux-x86_64-fedora-clang | 0.3.0 | 262.53 | NOTE | |||
r-devel-linux-x86_64-fedora-gcc | 0.3.0 | 286.81 | NOTE | |||
r-devel-windows-x86_64 | 0.3.0 | 58.00 | 172.00 | 230.00 | NOTE | |
r-patched-linux-x86_64 | 0.3.0 | 52.52 | 106.92 | 159.44 | NOTE | |
r-release-linux-x86_64 | 0.3.0 | 56.40 | 105.40 | 161.80 | NOTE | |
r-release-macos-arm64 | 0.3.0 | 71.00 | NOTE | |||
r-release-macos-x86_64 | 0.3.0 | 122.00 | NOTE | |||
r-release-windows-x86_64 | 0.3.0 | 59.00 | 141.00 | 200.00 | NOTE | |
r-oldrel-macos-arm64 | 0.3.0 | 82.00 | NOTE | |||
r-oldrel-macos-x86_64 | 0.3.0 | 136.00 | NOTE | |||
r-oldrel-windows-x86_64 | 0.3.0 | 72.00 | 156.00 | 228.00 | NOTE |
Version: 0.3.0
Check: C++ specification
Result: NOTE
Specified C++11: please drop specification unless essential
Flavors: r-devel-linux-x86_64-debian-clang, r-devel-linux-x86_64-debian-gcc, r-devel-linux-x86_64-fedora-clang, r-devel-linux-x86_64-fedora-gcc, r-devel-windows-x86_64, r-patched-linux-x86_64, r-release-linux-x86_64, r-release-macos-arm64, r-release-macos-x86_64, r-release-windows-x86_64, r-oldrel-macos-arm64, r-oldrel-macos-x86_64, r-oldrel-windows-x86_64
Version: 0.3.0
Check: package subdirectories
Result: NOTE
Problems with news in ‘NEWS.md’:
No news entries found.
Flavors: r-devel-linux-x86_64-debian-clang, r-devel-linux-x86_64-debian-gcc, r-devel-linux-x86_64-fedora-clang, r-devel-linux-x86_64-fedora-gcc, r-devel-windows-x86_64, r-patched-linux-x86_64, r-release-linux-x86_64, r-release-macos-arm64, r-release-macos-x86_64, r-release-windows-x86_64, r-oldrel-macos-arm64, r-oldrel-macos-x86_64, r-oldrel-windows-x86_64
Version: 0.3.0
Check: installed package size
Result: NOTE
installed size is 7.7Mb
sub-directories of 1Mb or more:
libs 7.5Mb
Flavors: r-release-macos-arm64, r-release-macos-x86_64, r-oldrel-macos-arm64, r-oldrel-macos-x86_64