Last updated on 2024-08-07 00:49:25 CEST.
Flavor | Version | Tinstall | Tcheck | Ttotal | Status | Flags |
---|---|---|---|---|---|---|
r-devel-linux-x86_64-debian-clang | 0.1.9 | 29.98 | 22.02 | 52.00 | NOTE | |
r-devel-linux-x86_64-debian-gcc | 0.1.9 | 19.15 | 17.50 | 36.65 | NOTE | |
r-devel-linux-x86_64-fedora-clang | 0.1.9 | 100.46 | NOTE | |||
r-devel-linux-x86_64-fedora-gcc | 0.1.9 | 97.03 | NOTE | |||
r-devel-windows-x86_64 | 0.1.9 | 36.00 | 72.00 | 108.00 | OK | |
r-patched-linux-x86_64 | 0.1.9 | 25.57 | 21.29 | 46.86 | NOTE | |
r-release-linux-x86_64 | 0.1.9 | 28.48 | 21.35 | 49.83 | NOTE | |
r-release-macos-arm64 | 0.1.9 | 33.00 | NOTE | |||
r-release-macos-x86_64 | 0.1.9 | 43.00 | NOTE | |||
r-release-windows-x86_64 | 0.1.9 | 38.00 | 74.00 | 112.00 | OK | |
r-oldrel-macos-arm64 | 0.1.9 | 34.00 | NOTE | |||
r-oldrel-macos-x86_64 | 0.1.9 | 54.00 | NOTE | |||
r-oldrel-windows-x86_64 | 0.1.9 | 37.00 | 81.00 | 118.00 | OK |
Version: 0.1.9
Check: C++ specification
Result: NOTE
Specified C++11: please drop specification unless essential
Flavors: r-devel-linux-x86_64-debian-clang, r-devel-linux-x86_64-debian-gcc, r-devel-linux-x86_64-fedora-clang, r-devel-linux-x86_64-fedora-gcc, r-patched-linux-x86_64, r-release-linux-x86_64, r-release-macos-arm64, r-release-macos-x86_64, r-oldrel-macos-arm64, r-oldrel-macos-x86_64