Last updated on 2024-08-07 00:49:25 CEST.
Flavor | Version | Tinstall | Tcheck | Ttotal | Status | Flags |
---|---|---|---|---|---|---|
r-devel-linux-x86_64-debian-clang | 0.0.4 | 12.61 | 22.39 | 35.00 | NOTE | |
r-devel-linux-x86_64-debian-gcc | 0.0.4 | 9.15 | 17.61 | 26.76 | NOTE | |
r-devel-linux-x86_64-fedora-clang | 0.0.4 | 62.69 | NOTE | |||
r-devel-linux-x86_64-fedora-gcc | 0.0.4 | 62.01 | NOTE | |||
r-devel-windows-x86_64 | 0.0.4 | 18.00 | 72.00 | 90.00 | NOTE | |
r-patched-linux-x86_64 | 0.0.4 | 13.02 | 21.35 | 34.37 | NOTE | |
r-release-linux-x86_64 | 0.0.4 | 12.81 | 21.25 | 34.06 | NOTE | |
r-release-macos-arm64 | 0.0.4 | 22.00 | NOTE | |||
r-release-macos-x86_64 | 0.0.4 | 35.00 | NOTE | |||
r-release-windows-x86_64 | 0.0.4 | 20.00 | 73.00 | 93.00 | NOTE | |
r-oldrel-macos-arm64 | 0.0.4 | 24.00 | NOTE | |||
r-oldrel-macos-x86_64 | 0.0.4 | 33.00 | NOTE | |||
r-oldrel-windows-x86_64 | 0.0.4 | 19.00 | 76.00 | 95.00 | NOTE |
Version: 0.0.4
Check: C++ specification
Result: NOTE
Specified C++11: please drop specification unless essential
Flavors: r-devel-linux-x86_64-debian-clang, r-devel-linux-x86_64-debian-gcc, r-devel-linux-x86_64-fedora-clang, r-devel-linux-x86_64-fedora-gcc, r-devel-windows-x86_64, r-patched-linux-x86_64, r-release-linux-x86_64, r-release-macos-arm64, r-release-macos-x86_64, r-release-windows-x86_64, r-oldrel-macos-arm64, r-oldrel-macos-x86_64, r-oldrel-windows-x86_64