Last updated on 2024-08-07 00:49:25 CEST.
Flavor | Version | Tinstall | Tcheck | Ttotal | Status | Flags |
---|---|---|---|---|---|---|
r-devel-linux-x86_64-debian-clang | 5.1.8 | 42.32 | 52.34 | 94.66 | NOTE | |
r-devel-linux-x86_64-debian-gcc | 5.1.8 | 26.56 | 37.55 | 64.11 | NOTE | |
r-devel-linux-x86_64-fedora-clang | 5.1.8 | 210.91 | NOTE | |||
r-devel-linux-x86_64-fedora-gcc | 5.1.8 | 189.35 | NOTE | |||
r-devel-windows-x86_64 | 5.1.8 | 145.00 | 101.00 | 246.00 | NOTE | |
r-patched-linux-x86_64 | 5.1.8 | 32.69 | 49.44 | 82.13 | NOTE | |
r-release-linux-x86_64 | 5.1.8 | 34.68 | 49.81 | 84.49 | NOTE | |
r-release-macos-arm64 | 5.1.8 | 77.00 | NOTE | |||
r-release-macos-x86_64 | 5.1.8 | 199.00 | NOTE | |||
r-release-windows-x86_64 | 5.1.8 | 160.00 | 104.00 | 264.00 | NOTE | |
r-oldrel-macos-arm64 | 5.1.8 | 84.00 | NOTE | |||
r-oldrel-macos-x86_64 | 5.1.8 | 198.00 | NOTE | |||
r-oldrel-windows-x86_64 | 5.1.8 | 143.00 | 110.00 | 253.00 | NOTE |
Version: 5.1.8
Check: for GNU extensions in Makefiles
Result: NOTE
GNU make is a SystemRequirements.
Flavors: r-devel-linux-x86_64-debian-clang, r-devel-linux-x86_64-debian-gcc, r-devel-linux-x86_64-fedora-clang, r-devel-linux-x86_64-fedora-gcc, r-devel-windows-x86_64, r-patched-linux-x86_64, r-release-linux-x86_64, r-release-macos-arm64, r-release-macos-x86_64, r-release-windows-x86_64, r-oldrel-macos-arm64, r-oldrel-macos-x86_64, r-oldrel-windows-x86_64