Last updated on 2024-08-07 00:49:25 CEST.
Flavor | Version | Tinstall | Tcheck | Ttotal | Status | Flags |
---|---|---|---|---|---|---|
r-devel-linux-x86_64-debian-clang | 0.1.2 | 149.85 | 23.93 | 173.78 | OK | |
r-devel-linux-x86_64-debian-gcc | 0.1.2 | 97.55 | 18.86 | 116.41 | OK | |
r-devel-linux-x86_64-fedora-clang | 0.1.2 | 400.92 | OK | |||
r-devel-linux-x86_64-fedora-gcc | 0.1.2 | 364.93 | OK | |||
r-devel-windows-x86_64 | 0.1.2 | 187.00 | 88.00 | 275.00 | OK | |
r-patched-linux-x86_64 | 0.1.2 | 136.70 | 23.22 | 159.92 | OK | |
r-release-linux-x86_64 | 0.1.2 | 139.66 | 23.50 | 163.16 | OK | |
r-release-macos-arm64 | 0.1.2 | 62.00 | NOTE | |||
r-release-macos-x86_64 | 0.1.2 | 70.00 | NOTE | |||
r-release-windows-x86_64 | 0.1.2 | 190.00 | 91.00 | 281.00 | OK | |
r-oldrel-macos-arm64 | 0.1.2 | 75.00 | NOTE | |||
r-oldrel-macos-x86_64 | 0.1.2 | 77.00 | NOTE | |||
r-oldrel-windows-x86_64 | 0.1.2 | 175.00 | 102.00 | 277.00 | OK |
Version: 0.1.2
Check: installed package size
Result: NOTE
installed size is 8.4Mb
sub-directories of 1Mb or more:
libs 8.3Mb
Flavors: r-release-macos-arm64, r-release-macos-x86_64, r-oldrel-macos-arm64, r-oldrel-macos-x86_64