Last updated on 2024-08-07 00:49:25 CEST.
Flavor | Version | Tinstall | Tcheck | Ttotal | Status | Flags |
---|---|---|---|---|---|---|
r-devel-linux-x86_64-debian-clang | 0.2.7 | 100.42 | 29.83 | 130.25 | NOTE | |
r-devel-linux-x86_64-debian-gcc | 0.2.7 | 64.05 | 21.60 | 85.65 | NOTE | |
r-devel-linux-x86_64-fedora-clang | 0.2.7 | 239.96 | NOTE | |||
r-devel-linux-x86_64-fedora-gcc | 0.2.7 | 271.62 | NOTE | |||
r-devel-windows-x86_64 | 0.2.7 | 105.00 | 110.00 | 215.00 | NOTE | |
r-patched-linux-x86_64 | 0.2.7 | 92.07 | 27.38 | 119.45 | NOTE | |
r-release-linux-x86_64 | 0.2.7 | 95.20 | 27.55 | 122.75 | NOTE | |
r-release-macos-arm64 | 0.2.7 | 53.00 | NOTE | |||
r-release-macos-x86_64 | 0.2.7 | 68.00 | NOTE | |||
r-release-windows-x86_64 | 0.2.7 | 104.00 | 77.00 | 181.00 | NOTE | |
r-oldrel-macos-arm64 | 0.2.7 | 61.00 | NOTE | |||
r-oldrel-macos-x86_64 | 0.2.7 | 103.00 | NOTE | |||
r-oldrel-windows-x86_64 | 0.2.7 | 124.00 | 80.00 | 204.00 | OK |
Version: 0.2.7
Check: Rd files
Result: NOTE
checkRd: (-1) cSMCexamples.Rd:78-80: Lost braces in \itemize; \value handles \item{}{} directly
checkRd: (-1) cSMCexamples.Rd:81-83: Lost braces in \itemize; \value handles \item{}{} directly
checkRd: (-1) cSMCexamples.Rd:89: Lost braces in \itemize; \value handles \item{}{} directly
checkRd: (-1) cSMCexamples.Rd:90: Lost braces in \itemize; \value handles \item{}{} directly
Flavors: r-devel-linux-x86_64-debian-clang, r-devel-linux-x86_64-debian-gcc, r-devel-linux-x86_64-fedora-clang, r-devel-linux-x86_64-fedora-gcc, r-devel-windows-x86_64, r-patched-linux-x86_64, r-release-linux-x86_64, r-release-macos-arm64, r-release-macos-x86_64, r-release-windows-x86_64
Version: 0.2.7
Check: installed package size
Result: NOTE
installed size is 7.0Mb
sub-directories of 1Mb or more:
libs 6.6Mb
Flavors: r-release-macos-arm64, r-release-macos-x86_64, r-oldrel-macos-arm64, r-oldrel-macos-x86_64