Last updated on 2024-08-07 00:49:25 CEST.
Flavor | Version | Tinstall | Tcheck | Ttotal | Status | Flags |
---|---|---|---|---|---|---|
r-devel-linux-x86_64-debian-clang | 1.1.2 | 193.32 | 213.26 | 406.58 | NOTE | |
r-devel-linux-x86_64-debian-gcc | 1.1.2 | 133.94 | 139.80 | 273.74 | NOTE | |
r-devel-linux-x86_64-fedora-clang | 1.1.2 | 707.21 | NOTE | |||
r-devel-linux-x86_64-fedora-gcc | 1.1.2 | 769.20 | NOTE | |||
r-devel-windows-x86_64 | 1.1.2 | 193.00 | 273.00 | 466.00 | NOTE | |
r-patched-linux-x86_64 | 1.1.2 | 195.94 | 200.93 | 396.87 | NOTE | |
r-release-linux-x86_64 | 1.1.2 | 186.31 | 200.28 | 386.59 | NOTE | |
r-release-macos-arm64 | 1.1.2 | 142.00 | NOTE | |||
r-release-macos-x86_64 | 1.1.2 | 197.00 | NOTE | |||
r-release-windows-x86_64 | 1.1.2 | 193.00 | 285.00 | 478.00 | NOTE | |
r-oldrel-macos-arm64 | 1.1.2 | 178.00 | NOTE | |||
r-oldrel-macos-x86_64 | 1.1.2 | 334.00 | NOTE | |||
r-oldrel-windows-x86_64 | 1.1.2 | 243.00 | 350.00 | 593.00 | NOTE |
Version: 1.1.2
Check: C++ specification
Result: NOTE
Specified C++11: please drop specification unless essential
Flavors: r-devel-linux-x86_64-debian-clang, r-devel-linux-x86_64-debian-gcc, r-devel-linux-x86_64-fedora-clang, r-devel-linux-x86_64-fedora-gcc, r-devel-windows-x86_64, r-patched-linux-x86_64, r-release-linux-x86_64, r-release-macos-arm64, r-release-macos-x86_64, r-release-windows-x86_64, r-oldrel-macos-arm64, r-oldrel-macos-x86_64, r-oldrel-windows-x86_64
Version: 1.1.2
Check: Rd files
Result: NOTE
checkRd: (-1) linear_RNDPROJ.Rd:45: Lost braces; missing escapes or markup?
45 | there is a linear map \eqn{f:R^N} to {R^n} such that
| ^
Flavors: r-devel-linux-x86_64-debian-clang, r-devel-linux-x86_64-debian-gcc, r-devel-linux-x86_64-fedora-clang, r-devel-linux-x86_64-fedora-gcc, r-devel-windows-x86_64, r-patched-linux-x86_64, r-release-linux-x86_64, r-release-macos-arm64, r-release-macos-x86_64, r-release-windows-x86_64
Version: 1.1.2
Check: installed package size
Result: NOTE
installed size is 5.3Mb
sub-directories of 1Mb or more:
data 1.7Mb
libs 1.7Mb
Flavors: r-devel-linux-x86_64-fedora-clang, r-devel-windows-x86_64, r-release-macos-arm64, r-release-macos-x86_64, r-release-windows-x86_64, r-oldrel-macos-arm64, r-oldrel-macos-x86_64, r-oldrel-windows-x86_64
Version: 1.1.2
Check: Rd cross-references
Result: NOTE
Undeclared package ‘Rtsne’ in Rd xrefs
Flavor: r-devel-linux-x86_64-fedora-clang