Last updated on 2024-08-07 00:49:26 CEST.
Flavor | Version | Tinstall | Tcheck | Ttotal | Status | Flags |
---|---|---|---|---|---|---|
r-devel-linux-x86_64-debian-clang | 5.0.4 | 59.20 | 43.27 | 102.47 | OK | |
r-devel-linux-x86_64-debian-gcc | 5.0.4 | 42.48 | 31.19 | 73.67 | OK | |
r-devel-linux-x86_64-fedora-clang | 5.0.4 | 179.63 | OK | |||
r-devel-linux-x86_64-fedora-gcc | 5.0.4 | 200.14 | OK | |||
r-devel-windows-x86_64 | 5.0.4 | 111.00 | 128.00 | 239.00 | OK | |
r-patched-linux-x86_64 | 5.0.4 | 59.78 | 41.39 | 101.17 | OK | |
r-release-linux-x86_64 | 5.0.4 | 59.88 | 41.37 | 101.25 | OK | |
r-release-macos-arm64 | 5.0.4 | 54.00 | NOTE | |||
r-release-macos-x86_64 | 5.0.4 | 89.00 | NOTE | |||
r-release-windows-x86_64 | 5.0.4 | 114.00 | 123.00 | 237.00 | OK | |
r-oldrel-macos-arm64 | 5.0.4 | 63.00 | NOTE | |||
r-oldrel-macos-x86_64 | 5.0.4 | 125.00 | NOTE | |||
r-oldrel-windows-x86_64 | 5.0.4 | 107.00 | 139.00 | 246.00 | OK |
Version: 5.0.4
Check: installed package size
Result: NOTE
installed size is 6.9Mb
sub-directories of 1Mb or more:
libs 6.0Mb
Flavors: r-release-macos-arm64, r-release-macos-x86_64, r-oldrel-macos-arm64, r-oldrel-macos-x86_64