Last updated on 2024-08-08 08:49:27 CEST.
Flavor | Version | Tinstall | Tcheck | Ttotal | Status | Flags |
---|---|---|---|---|---|---|
r-devel-linux-x86_64-debian-clang | 0.3.2 | 206.39 | 65.30 | 271.69 | NOTE | |
r-devel-linux-x86_64-debian-gcc | 0.3.2 | 142.84 | 47.92 | 190.76 | NOTE | |
r-devel-linux-x86_64-fedora-clang | 0.3.2 | 481.47 | NOTE | |||
r-devel-linux-x86_64-fedora-gcc | 0.3.2 | 585.27 | NOTE | |||
r-devel-windows-x86_64 | 0.3.2 | 204.00 | 103.00 | 307.00 | NOTE | |
r-patched-linux-x86_64 | 0.3.2 | 203.55 | 63.10 | 266.65 | NOTE | |
r-release-linux-x86_64 | 0.3.2 | 207.39 | 62.62 | 270.01 | NOTE | |
r-release-macos-arm64 | 0.3.2 | 112.00 | NOTE | |||
r-release-macos-x86_64 | 0.3.2 | 109.00 | NOTE | |||
r-release-windows-x86_64 | 0.3.2 | 205.00 | 101.00 | 306.00 | NOTE | |
r-oldrel-macos-arm64 | 0.3.2 | 134.00 | NOTE | |||
r-oldrel-macos-x86_64 | 0.3.2 | 244.00 | NOTE | |||
r-oldrel-windows-x86_64 | 0.3.2 | 244.00 | 124.00 | 368.00 | NOTE |
Version: 0.3.2
Check: C++ specification
Result: NOTE
Specified C++11: please drop specification unless essential
Flavors: r-devel-linux-x86_64-debian-clang, r-devel-linux-x86_64-debian-gcc, r-devel-linux-x86_64-fedora-clang, r-devel-linux-x86_64-fedora-gcc, r-devel-windows-x86_64, r-patched-linux-x86_64, r-release-linux-x86_64, r-release-macos-arm64, r-release-macos-x86_64, r-release-windows-x86_64, r-oldrel-macos-arm64, r-oldrel-macos-x86_64, r-oldrel-windows-x86_64
Version: 0.3.2
Check: Rd files
Result: NOTE
checkRd: (-1) basic_GS.Rd:42: Lost braces; missing escapes or markup?
42 | \eqn{L} and {U} are strictly lower/upper triangular matrix respectively.
| ^
checkRd: (-1) basic_SOR.Rd:45: Lost braces; missing escapes or markup?
45 | \eqn{L} and {U} are strictly lower/upper triangular matrix respectively.
| ^
checkRd: (-1) basic_SSOR.Rd:45: Lost braces; missing escapes or markup?
45 | \eqn{L} and {U} are strictly lower/upper triangular matrix respectively.
| ^
Flavors: r-devel-linux-x86_64-debian-clang, r-devel-linux-x86_64-debian-gcc, r-devel-linux-x86_64-fedora-clang, r-devel-linux-x86_64-fedora-gcc, r-devel-windows-x86_64, r-patched-linux-x86_64, r-release-linux-x86_64, r-release-macos-arm64, r-release-macos-x86_64, r-release-windows-x86_64
Version: 0.3.2
Check: installed package size
Result: NOTE
installed size is 12.5Mb
sub-directories of 1Mb or more:
libs 12.3Mb
Flavors: r-release-macos-arm64, r-release-macos-x86_64, r-oldrel-macos-arm64, r-oldrel-macos-x86_64