Last updated on 2024-08-07 00:49:26 CEST.
Flavor | Version | Tinstall | Tcheck | Ttotal | Status | Flags |
---|---|---|---|---|---|---|
r-devel-linux-x86_64-debian-clang | 1.5.1 | 2.51 | 0.56 | 3.07 | FAIL | |
r-devel-linux-x86_64-debian-gcc | 1.5.1 | 1.71 | 20.45 | 22.16 | OK | |
r-devel-linux-x86_64-fedora-clang | 1.5.1 | 48.02 | OK | |||
r-devel-linux-x86_64-fedora-gcc | 1.5.1 | 48.31 | OK | |||
r-devel-windows-x86_64 | 1.5.1 | 4.00 | 50.00 | 54.00 | OK | |
r-patched-linux-x86_64 | 1.5.1 | 2.82 | 25.73 | 28.55 | OK | |
r-release-linux-x86_64 | 1.5.1 | 2.45 | 26.29 | 28.74 | OK | |
r-release-macos-arm64 | 1.5.1 | 18.00 | OK | |||
r-release-macos-x86_64 | 1.5.1 | 28.00 | OK | |||
r-release-windows-x86_64 | 1.5.1 | 4.00 | 57.00 | 61.00 | OK | |
r-oldrel-macos-arm64 | 1.5.1 | 19.00 | OK | |||
r-oldrel-macos-x86_64 | 1.5.1 | 26.00 | OK | |||
r-oldrel-windows-x86_64 | 1.5.1 | 4.00 | 52.00 | 56.00 | OK |
Version: 1.5.1
Check: package dependencies
Result: FAIL
Flavor: r-devel-linux-x86_64-debian-clang