Last updated on 2024-08-07 00:49:26 CEST.
Flavor | Version | Tinstall | Tcheck | Ttotal | Status | Flags |
---|---|---|---|---|---|---|
r-devel-linux-x86_64-debian-clang | 2.1.10 | 411.78 | 0.55 | 412.33 | FAIL | |
r-devel-linux-x86_64-debian-gcc | 2.1.10 | 309.51 | 72.38 | 381.89 | OK | |
r-devel-linux-x86_64-fedora-clang | 2.1.10 | 1029.69 | OK | |||
r-devel-linux-x86_64-fedora-gcc | 2.1.10 | 1109.58 | OK | |||
r-devel-windows-x86_64 | 2.1.10 | 481.00 | 146.00 | 627.00 | OK | |
r-patched-linux-x86_64 | 2.1.10 | 406.59 | 94.65 | 501.24 | OK | |
r-release-linux-x86_64 | 2.1.10 | 422.21 | 96.36 | 518.57 | OK | |
r-release-macos-arm64 | 2.1.10 | 172.00 | NOTE | |||
r-release-macos-x86_64 | 2.1.10 | 146.00 | NOTE | |||
r-release-windows-x86_64 | 2.1.10 | 487.00 | 149.00 | 636.00 | OK | |
r-oldrel-macos-arm64 | 2.1.10 | 204.00 | NOTE | |||
r-oldrel-macos-x86_64 | 2.1.10 | 225.00 | NOTE | |||
r-oldrel-windows-x86_64 | 2.1.10 | 605.00 | 169.00 | 774.00 | OK |
Version: 2.1.10
Check: package dependencies
Result: FAIL
Flavor: r-devel-linux-x86_64-debian-clang
Version: 2.1.10
Check: installed package size
Result: NOTE
installed size is 44.1Mb
sub-directories of 1Mb or more:
libs 43.2Mb
Flavors: r-release-macos-arm64, r-release-macos-x86_64, r-oldrel-macos-arm64, r-oldrel-macos-x86_64